{"id":4888,"date":"2026-04-26T02:00:11","date_gmt":"2026-04-26T05:00:11","guid":{"rendered":"https:\/\/cbblanca-bue.infd.edu.ar\/sitio\/?page_id=4888"},"modified":"2026-04-26T16:24:57","modified_gmt":"2026-04-26T19:24:57","slug":"glosario-del-ematp","status":"publish","type":"page","link":"https:\/\/cbblanca-bue.infd.edu.ar\/sitio\/glosario-del-ematp\/","title":{"rendered":"Glosario del EMATP"},"content":{"rendered":"\n<figure class=\"wp-block-image size-full\"><img decoding=\"async\" loading=\"lazy\" width=\"1536\" height=\"1024\" src=\"https:\/\/cbblanca-bue.infd.edu.ar\/sitio\/wp-content\/uploads\/2026\/04\/ChatGPT-Image-26-abr-2026-15_41_21.png\" alt=\"\" class=\"wp-image-4926\" srcset=\"https:\/\/cbblanca-bue.infd.edu.ar\/sitio\/wp-content\/uploads\/2026\/04\/ChatGPT-Image-26-abr-2026-15_41_21.png 1536w, https:\/\/cbblanca-bue.infd.edu.ar\/sitio\/wp-content\/uploads\/2026\/04\/ChatGPT-Image-26-abr-2026-15_41_21-1000x667.png 1000w, https:\/\/cbblanca-bue.infd.edu.ar\/sitio\/wp-content\/uploads\/2026\/04\/ChatGPT-Image-26-abr-2026-15_41_21-768x512.png 768w\" sizes=\"(max-width: 1536px) 100vw, 1536px\" \/><\/figure>\n\n\n\n<hr class=\"wp-block-separator has-alpha-channel-opacity\"\/>\n\n\n\n<a href=\"https:\/\/cbblanca-bue.infd.edu.ar\/sitio\/equipo-ematp\/\" \n   style=\"background-color:#87CEEB; color:black; font-weight:bold; padding:10px 20px; text-decoration:none; border-radius:5px;\">\n   EMATP\n<\/a>\n\n\n\n<p><\/p>\n\n\n\n<p>Encargado de Medios de Apoyo T\u00e9cnico y Pedag\u00f3gico.<\/p>\n\n\n\n<hr class=\"wp-block-separator has-alpha-channel-opacity\"\/>\n\n\n\n<a href=\"https:\/\/cbblanca-bue.infd.edu.ar\/sitio\/donde-encontrar-al-ematp\/\" \n   style=\"background-color:#87CEEB; color:black; font-weight:bold; padding:12px 22px; text-decoration:none; border-radius:6px; font-family:Arial, sans-serif; box-shadow:0 2px 4px rgba(0,0,0,0.15);\">\n   Gabinete de Medios\n<\/a>\n\n\n\n<p><\/p>\n\n\n\n<p>Espacio f\u00edsico de trabajo del EMATP, aqu\u00ed lo puedes encontrar. desde este lugar se custodian, distribuyen, inventar\u00edan y se reparan los instrumentos musicales y equipos del CMBB. En resumen, es la oficina del equipo EMATP. <\/p>\n\n\n\n<hr class=\"wp-block-separator has-alpha-channel-opacity\"\/>\n\n\n\n<a href=\"https:\/\/docs.google.com\/forms\/d\/e\/1FAIpQLScKdI1jUHBciIGvIpLvUb3NtI_dLDymthN5MqYzfvxgCkCA-Q\/viewform\" target=\"_blank\" style=\"background-color:#87CEEB; color:black; font-weight:bold; padding:12px 20px; text-decoration:none; border-radius:6px; font-family:Arial, sans-serif; box-shadow:0 2px 4px rgba(0,0,0,0.15); display:inline-block;\" rel=\"noopener\">\n   Solicitud de recursos pedag\u00f3gicos e insumos\n<\/a>\n\n\n\n<p><\/p>\n\n\n\n<p>Es el mecanismo utilizado por el equipo directivo, equipo de conducci\u00f3n, el equipo de gesti\u00f3n  y el personal docente para solicitar los recursos pedag\u00f3gicos e insumos necesrios para el funcionamiento de las clases y de la instituci\u00f3n.<\/p>\n","protected":false},"excerpt":{"rendered":"<p>EMATP Encargado de Medios de Apoyo T\u00e9cnico y Pedag\u00f3gico. Gabinete de Medios Espacio f\u00edsico de trabajo del EMATP, aqu\u00ed lo puedes encontrar. desde este lugar se custodian, distribuyen, inventar\u00edan y se reparan los instrumentos musicales y equipos del CMBB. En resumen, es la oficina del equipo EMATP. Solicitud de recursos pedag\u00f3gicos e insumos Es el &#8230; <a title=\"Glosario del EMATP\" class=\"read-more\" href=\"https:\/\/cbblanca-bue.infd.edu.ar\/sitio\/glosario-del-ematp\/\" aria-label=\"More on Glosario del EMATP\">[+]<\/a><\/p>\n","protected":false},"author":7456,"featured_media":0,"parent":0,"menu_order":0,"comment_status":"closed","ping_status":"closed","template":"","meta":[],"acf":[],"_links":{"self":[{"href":"https:\/\/cbblanca-bue.infd.edu.ar\/sitio\/wp-json\/wp\/v2\/pages\/4888"}],"collection":[{"href":"https:\/\/cbblanca-bue.infd.edu.ar\/sitio\/wp-json\/wp\/v2\/pages"}],"about":[{"href":"https:\/\/cbblanca-bue.infd.edu.ar\/sitio\/wp-json\/wp\/v2\/types\/page"}],"author":[{"embeddable":true,"href":"https:\/\/cbblanca-bue.infd.edu.ar\/sitio\/wp-json\/wp\/v2\/users\/7456"}],"replies":[{"embeddable":true,"href":"https:\/\/cbblanca-bue.infd.edu.ar\/sitio\/wp-json\/wp\/v2\/comments?post=4888"}],"version-history":[{"count":12,"href":"https:\/\/cbblanca-bue.infd.edu.ar\/sitio\/wp-json\/wp\/v2\/pages\/4888\/revisions"}],"predecessor-version":[{"id":4945,"href":"https:\/\/cbblanca-bue.infd.edu.ar\/sitio\/wp-json\/wp\/v2\/pages\/4888\/revisions\/4945"}],"wp:attachment":[{"href":"https:\/\/cbblanca-bue.infd.edu.ar\/sitio\/wp-json\/wp\/v2\/media?parent=4888"}],"curies":[{"name":"wp","href":"https:\/\/api.w.org\/{rel}","templated":true}]}}