{"id":4847,"date":"2026-04-25T23:24:48","date_gmt":"2026-04-26T02:24:48","guid":{"rendered":"https:\/\/cbblanca-bue.infd.edu.ar\/sitio\/?page_id=4847"},"modified":"2026-04-26T01:39:58","modified_gmt":"2026-04-26T04:39:58","slug":"equipo-ematp","status":"publish","type":"page","link":"https:\/\/cbblanca-bue.infd.edu.ar\/sitio\/equipo-ematp\/","title":{"rendered":"\u00bfQu\u00e9 es un EMATP?"},"content":{"rendered":"\n<p>Po\u00e9ticamente se puede decir que el EMATP  es&#8230;<\/p>\n\n\n\n<pre class=\"wp-block-verse has-text-align-center\"><strong><em>\"...de esas personas dotadas <\/em><\/strong><strong><em>que hasta despu\u00e9s de la muerte, <\/em><\/strong>\n<strong><em>siguen sirviendo por suerte...<\/em><\/strong><strong><em> a toda su paisanada\".<\/em><\/strong>\n                                                                                                 <em>Fragmento de una payada argentina<\/em> dedicada al  Gauchito Gil<\/pre>\n\n\n\n<p>El EMATP  es el Encargado de Medios y Apoyo T\u00e9cnico y Pedag\u00f3gico, un miembro de la comunidad educativa que se encarga de articular, dinamizar  todas las acciones tendientes a facilitar el trabajo del equipo directivo, el personal docente, estudiantes, Asociaci\u00f3n Cooperadora y funcionarios del Conservatorio de M\u00fasica de Bah\u00eda Blanca. Mantiene en \u00f3ptimas  condiciones toda la estructura, instrumentos y equipos de la instituci\u00f3n de manera que se les pueda aprovechar al m\u00e1ximo. Responde a las solicitudes de recursos pedag\u00f3gicos e insumos  solicitadas por el equipo directivo, el equipo de gesti\u00f3n, el personal docente, el equipo de preceptoras. Es quien resguarda los instrumentos musicales, equipos y activos institucionales y articula acciones para una equitativa distribuci\u00f3n de los mismos.<\/p>\n\n\n\n<h2 class=\"wp-block-heading\">Qui\u00e9nes forman el Equipo EMATP<\/h2>\n\n\n\n<p>El Equipo EMATP est\u00e1 constitu\u00eddo por los siguientes docentes:<\/p>\n\n\n\n<p><strong>Profesor<\/strong> <strong>Nicol\u00e1s Fern\u00e1ndez Vicente<\/strong>   (Actualmente en Licencia)<\/p>\n\n\n\n<p><strong>Profesor<\/strong> <strong>Albin Nelson Cede\u00f1o Ara\u00faz<\/strong><\/p>\n\n\n\n<p><strong>Profesor<\/strong> <strong>Marcelo May<\/strong><\/p>\n","protected":false},"excerpt":{"rendered":"<p>Po\u00e9ticamente se puede decir que el EMATP es&#8230; \u00ab&#8230;de esas personas dotadas que hasta despu\u00e9s de la muerte, siguen sirviendo por suerte&#8230; a toda su paisanada\u00bb. Fragmento de una payada argentina dedicada al Gauchito Gil El EMATP es el Encargado de Medios y Apoyo T\u00e9cnico y Pedag\u00f3gico, un miembro de la comunidad educativa que se &#8230; <a title=\"\u00bfQu\u00e9 es un EMATP?\" class=\"read-more\" href=\"https:\/\/cbblanca-bue.infd.edu.ar\/sitio\/equipo-ematp\/\" aria-label=\"More on \u00bfQu\u00e9 es un EMATP?\">[+]<\/a><\/p>\n","protected":false},"author":7456,"featured_media":0,"parent":0,"menu_order":0,"comment_status":"closed","ping_status":"closed","template":"","meta":[],"acf":[],"_links":{"self":[{"href":"https:\/\/cbblanca-bue.infd.edu.ar\/sitio\/wp-json\/wp\/v2\/pages\/4847"}],"collection":[{"href":"https:\/\/cbblanca-bue.infd.edu.ar\/sitio\/wp-json\/wp\/v2\/pages"}],"about":[{"href":"https:\/\/cbblanca-bue.infd.edu.ar\/sitio\/wp-json\/wp\/v2\/types\/page"}],"author":[{"embeddable":true,"href":"https:\/\/cbblanca-bue.infd.edu.ar\/sitio\/wp-json\/wp\/v2\/users\/7456"}],"replies":[{"embeddable":true,"href":"https:\/\/cbblanca-bue.infd.edu.ar\/sitio\/wp-json\/wp\/v2\/comments?post=4847"}],"version-history":[{"count":8,"href":"https:\/\/cbblanca-bue.infd.edu.ar\/sitio\/wp-json\/wp\/v2\/pages\/4847\/revisions"}],"predecessor-version":[{"id":4887,"href":"https:\/\/cbblanca-bue.infd.edu.ar\/sitio\/wp-json\/wp\/v2\/pages\/4847\/revisions\/4887"}],"wp:attachment":[{"href":"https:\/\/cbblanca-bue.infd.edu.ar\/sitio\/wp-json\/wp\/v2\/media?parent=4847"}],"curies":[{"name":"wp","href":"https:\/\/api.w.org\/{rel}","templated":true}]}}

¿Qué es un EMATP?

<p>Poéticamente se puede decir que el EMATP  es&#8230;</p>



<pre class="wp-block-verse has-text-align-center"><strong><em>"...de esas personas dotadas </em></strong><strong><em>que hasta después de la muerte, </em></strong>
<strong><em>siguen sirviendo por suerte...</em></strong><strong><em> a toda su paisanada".</em></strong>
                                                                                                 <em>Fragmento de una payada argentina</em> dedicada al  Gauchito Gil</pre>



<p>El EMATP  es el Encargado de Medios y Apoyo Técnico y Pedagógico, un miembro de la comunidad educativa que se encarga de articular, dinamizar  todas las acciones tendientes a facilitar el trabajo del equipo directivo, el personal docente, estudiantes, Asociación Cooperadora y funcionarios del Conservatorio de Música de Bahía Blanca. Mantiene en óptimas  condiciones toda la estructura, instrumentos y equipos de la institución de manera que se les pueda aprovechar al máximo. Responde a las solicitudes de recursos pedagógicos e insumos  solicitadas por el equipo directivo, el equipo de gestión, el personal docente, el equipo de preceptoras. Es quien resguarda los instrumentos musicales, equipos y activos institucionales y articula acciones para una equitativa distribución de los mismos.</p>



<h2 class="wp-block-heading">Quiénes forman el Equipo EMATP</h2>



<p>El Equipo EMATP está constituído por los siguientes docentes:</p>



<p><strong>Profesor</strong> <strong>Nicolás Fernández Vicente</strong>   (Actualmente en Licencia)</p>



<p><strong>Profesor</strong> <strong>Albin Nelson Cedeño Araúz</strong></p>



<p><strong>Profesor</strong> <strong>Marcelo May</strong></p>

<p>Poéticamente se puede decir que el EMATP es&#8230; «&#8230;de esas personas dotadas que hasta después de la muerte, siguen sirviendo por suerte&#8230; a toda su paisanada». Fragmento de una payada argentina dedicada al Gauchito Gil El EMATP es el Encargado de Medios y Apoyo Técnico y Pedagógico, un miembro de la comunidad educativa que se &#8230; <a title="¿Qué es un EMATP?" class="read-more" href="https://cbblanca-bue.infd.edu.ar/sitio/equipo-ematp/" aria-label="More on ¿Qué es un EMATP?">[+]</a></p>
