{"id":4840,"date":"2026-04-25T22:59:45","date_gmt":"2026-04-26T01:59:45","guid":{"rendered":"https:\/\/cbblanca-bue.infd.edu.ar\/sitio\/?page_id=4840"},"modified":"2026-04-26T01:32:01","modified_gmt":"2026-04-26T04:32:01","slug":"normativa-2","status":"publish","type":"page","link":"https:\/\/cbblanca-bue.infd.edu.ar\/sitio\/normativa-2\/","title":{"rendered":"Normativa"},"content":{"rendered":"\n<p><\/p>\n\n\n\n<p class=\"has-text-align-left\">El <em><strong><a href=\"http:\/\/servicios2.abc.gov.ar\/lainstitucion\/organismos\/consejogeneral\/reglamento_general\/reglamento_general.pdf\">Reglamento  General  de   las  Instituciones  Educativas  de la Provincia de Buenos Aires<\/a><\/strong><\/em> establece el marco normativo que organiza el funcionamiento de las escuelas y define los roles y responsabilidades de su personal. En este contexto, el Art\u00edculo 81 regula la funci\u00f3n del Encargado  de  Medios  de  Apoyo  T\u00e9cnico  Pedag\u00f3gico<strong>,  (EMATP<\/strong>), quien cumple un papel clave en la gesti\u00f3n y aprovechamiento de recursos como instrumentos musicales, materiales pedag\u00f3gicos, laboratorios, herramientas y equipamiento educativo. Su tarea no se limita al mantenimiento t\u00e9cnico, sino que incluye la articulaci\u00f3n con el equipo directivo y docente, la Asociaci\u00f3n Cooperadora, la participaci\u00f3n en el Proyecto Institucional y el acompa\u00f1amiento en las pr\u00e1cticas de ense\u00f1anza en el Conservatorio de M\u00fasica de Bah\u00eda Blanca.  Adem\u00e1s, debe garantizar el uso seguro, eficiente y actualizado de los recursos, contribuyendo as\u00ed a mejorar la calidad educativa y a sostener la continuidad pedag\u00f3gica.&nbsp;<\/p>\n\n\n\n<iframe src=\"https:\/\/docs.google.com\/document\/d\/e\/2PACX-1vQvwHU6aahwSbZDC5YKWGDv0PwyawjdjBxAL8Lj78-mX0UDwT4O28EUiaFrt2QZ5wtL8LF1IwAmPXOy\/pub?embedded=true\"height=1200 width=820>><\/iframe>\n","protected":false},"excerpt":{"rendered":"<p>El Reglamento General de las Instituciones Educativas de la Provincia de Buenos Aires establece el marco normativo que organiza el funcionamiento de las escuelas y define los roles y responsabilidades de su personal. En este contexto, el Art\u00edculo 81 regula la funci\u00f3n del Encargado de Medios de Apoyo T\u00e9cnico Pedag\u00f3gico, (EMATP), quien cumple un papel &#8230; <a title=\"Normativa\" class=\"read-more\" href=\"https:\/\/cbblanca-bue.infd.edu.ar\/sitio\/normativa-2\/\" aria-label=\"More on Normativa\">[+]<\/a><\/p>\n","protected":false},"author":7456,"featured_media":0,"parent":0,"menu_order":0,"comment_status":"closed","ping_status":"closed","template":"","meta":[],"acf":[],"_links":{"self":[{"href":"https:\/\/cbblanca-bue.infd.edu.ar\/sitio\/wp-json\/wp\/v2\/pages\/4840"}],"collection":[{"href":"https:\/\/cbblanca-bue.infd.edu.ar\/sitio\/wp-json\/wp\/v2\/pages"}],"about":[{"href":"https:\/\/cbblanca-bue.infd.edu.ar\/sitio\/wp-json\/wp\/v2\/types\/page"}],"author":[{"embeddable":true,"href":"https:\/\/cbblanca-bue.infd.edu.ar\/sitio\/wp-json\/wp\/v2\/users\/7456"}],"replies":[{"embeddable":true,"href":"https:\/\/cbblanca-bue.infd.edu.ar\/sitio\/wp-json\/wp\/v2\/comments?post=4840"}],"version-history":[{"count":6,"href":"https:\/\/cbblanca-bue.infd.edu.ar\/sitio\/wp-json\/wp\/v2\/pages\/4840\/revisions"}],"predecessor-version":[{"id":4883,"href":"https:\/\/cbblanca-bue.infd.edu.ar\/sitio\/wp-json\/wp\/v2\/pages\/4840\/revisions\/4883"}],"wp:attachment":[{"href":"https:\/\/cbblanca-bue.infd.edu.ar\/sitio\/wp-json\/wp\/v2\/media?parent=4840"}],"curies":[{"name":"wp","href":"https:\/\/api.w.org\/{rel}","templated":true}]}}