{"id":2868,"date":"2022-05-26T20:18:34","date_gmt":"2022-05-26T23:18:34","guid":{"rendered":"https:\/\/cbblanca-bue.infd.edu.ar\/sitio\/?page_id=2868"},"modified":"2025-06-12T08:23:42","modified_gmt":"2025-06-12T11:23:42","slug":"edi-de-la-carrera-prof-en-musica-or-educador-musical","status":"publish","type":"page","link":"https:\/\/cbblanca-bue.infd.edu.ar\/sitio\/edi-de-la-carrera-prof-en-musica-or-educador-musical\/","title":{"rendered":"EDI de la carrera Prof. en M\u00fasica (or. Educador Musical)"},"content":{"rendered":"\n<input type=\"button\" name=\"imprimir\" value=\"Imprimir\" onclick=\"window.print();\">\n\n\n\n<div class=\"wp-block-buttons is-horizontal is-content-justification-center is-layout-flex wp-container-1\">\n<div class=\"wp-block-button is-style-fill\"><a class=\"wp-block-button__link wp-element-button\" href=\"https:\/\/cbblanca-bue.infd.edu.ar\/sitio\/edi\/\" target=\"_blank\" rel=\"noreferrer noopener\">Consult\u00e1 la informaci\u00f3n general cliqueando aqu\u00ed<\/a><\/div>\n<\/div>\n\n\n\n<h5 class=\"wp-block-heading has-text-align-center has-accent-color has-text-color\"><strong><strong>OFERTA DE Espacios de Definici\u00f3n Institucional &#8211; Ciclo lectivo 202<\/strong><\/strong>4<\/h5>\n\n\n\n<p class=\"has-text-align-center\">Carga horaria: <strong>4&nbsp;EDIs (256 hs.)<\/strong><\/p>\n\n\n\n<figure class=\"wp-block-table\" style=\"font-size:14px\"><table class=\"has-fixed-layout\"><thead><tr><th><strong>EDI<\/strong> <strong>(Espacio de Definici\u00f3n Institucional<\/strong>)<\/th><th><strong>DOCENTE<\/strong><\/th><th><strong>D\u00cdA Y HORARIO<\/strong><\/th><th><strong>AULA<\/strong><\/th><th><strong>ACREDITA EN<\/strong><\/th><th><strong>OTROS CAMINOS POSIBLES<\/strong><\/th><\/tr><\/thead><tbody><tr><td>Comprensi\u00f3n y Producci\u00f3n de Discursos<\/td><td>Salaberry Serrano, Geraldina<\/td><td>Martes 15.40 a 17.40<\/td><td>Lamadrid 13<\/td><td><strong>1er a\u00f1o<\/strong><\/td><td><strong>2do a\u00f1o<\/strong><\/td><\/tr><tr><td>Bases funcionales para la voz del Docente<\/td><td>Saltari, Melina<\/td><td>Lunes 16.00 a 18.00<\/td><td>Lamadrid 4 y 8<\/td><td><strong>2do a\u00f1o<\/strong><\/td><td><strong>3er a\u00f1o<\/strong><\/td><\/tr><tr><td>M\u00fasica y Discapacidad<\/td><td>Osorio, N. Silvana<\/td><td>Lunes 13.30 a 15.30<\/td><td>Lamadrid Multimedia<\/td><td><strong>3er o 4to a\u00f1o<\/strong><\/td><td><strong>2do a\u00f1o<\/strong><\/td><\/tr><tr><td>Laboratorio de juegos: teatro y m\u00fasica<\/td><td>a designar<\/td><td>Martes 20 a 22<\/td><td>Escuela de Teatro (Gral. Paz 250)<\/td><td><strong>3er o 4to a\u00f1o<\/strong><\/td><td><strong>&#8211;<\/strong><\/td><\/tr><\/tbody><\/table><figcaption class=\"wp-element-caption\"><strong>PROFESORADO DE M\u00daSICA &#8211; ORIENTACI\u00d3N EDUCACI\u00d3N MUSICAL<\/strong><\/figcaption><\/figure>\n\n\n\n<h4 class=\"wp-block-heading\"><strong><mark style=\"background-color:rgba(0, 0, 0, 0)\" class=\"has-inline-color has-vivid-green-cyan-color\">EDI \u201cComprensi\u00f3n y Producci\u00f3n de Discursos\u201d<\/mark><\/strong><\/h4>\n\n\n\n<p><strong>Acredita en la carrera: <\/strong>Profesorado en M\u00fasica (orientaci\u00f3n EDUCADOR MUSICAL)<\/p>\n\n\n\n<pre class=\"wp-block-preformatted\"><strong>Prof.<\/strong> <strong>Geraldina Salaberry Serrano<\/strong>\nMartes de 15.40 a 17.40 horas \/ Aula 11, sede Lamadrid 441\n<strong>Contacto<\/strong>: <a href=\"mailto:gsalaberryserrano@abc.gob.ar\" target=\"_blank\" rel=\"noreferrer noopener\">gsalaberryserrano@abc.gob.ar<\/a><\/pre>\n\n\n\n<p>El lenguaje verbal es una herramienta comunicativa con la que contamos desde los primeros a\u00f1os de vida. A pesar de emplearlo a cada momento en distintas circunstancias, su uso resulta muchas veces infructuoso en distintas situaciones comunicativas.<\/p>\n\n\n\n<p>En este EDI encontrar\u00e1n, a trav\u00e9s de la inferencia y la recuperaci\u00f3n de saberes previos, herramientas conceptuales y procedimentales para la comprensi\u00f3n y producci\u00f3n de discursos, fundamentalmente del \u00e1mbito del estudio. Se trata de volver a descubrir lo que ya se conoce para comprenderlo y comunicarse eficazmente de acuerdo con cada situaci\u00f3n.<\/p>\n\n\n\n<h5 class=\"wp-block-heading\"><strong><span class=\"has-inline-color has-light-green-cyan-color\">\u00bfQui\u00e9nes pueden cursar este EDI?<\/span><\/strong><\/h5>\n\n\n\n<ul>\n<li>Estudiantes de la carrera en la que acredita.<\/li>\n\n\n\n<li>Estudiantes con la Formaci\u00f3n B\u00e1sica COMPLETA o de otras carreras en donde no acredita.<\/li>\n\n\n\n<li>Estudiantes con la Formaci\u00f3n B\u00e1sica incompleta o VISITANTES: no se otorga acreditaci\u00f3n ni certificaci\u00f3n, s\u00f3lo contribuye a la formaci\u00f3n personal del que cursa.<\/li>\n<\/ul>\n\n\n\n<h5 class=\"wp-block-heading\"><strong><span class=\"has-inline-color has-light-green-cyan-color\">Requisitos espec\u00edficos de este EDI<\/span><\/strong><\/h5>\n\n\n\n<ul>\n<li>6.\u00b0 a\u00f1o de la Escuela Secundaria Ciclo Superior.<\/li>\n\n\n\n<li><strong>VISITANTES<\/strong>: esta modalidad est\u00e1 supeditada al cupo de inscripciones y\/o proyecto anual de la materia. Quienes est\u00e9n interesados en participar deber\u00e1n solicitar la inscripci\u00f3n en Jefatura de \u00c1rea.<\/li>\n<\/ul>\n\n\n\n<pre class=\"wp-block-preformatted\"><strong>EXCEPCI\u00d3N<\/strong>: si cont\u00e1s con t\u00edtulo docente, pod\u00e9s solicitar equivalencia para acreditar este EDI.<\/pre>\n\n\n\n<hr class=\"wp-block-separator has-css-opacity\"\/>\n\n\n\n<h4 class=\"wp-block-heading\"><strong><span class=\"has-inline-color has-vivid-green-cyan-color\">EDI \u201cBases Funcionales para la Voz del Docente\u201d<\/span><\/strong><\/h4>\n\n\n\n<p><strong>Acredita en las carreras: <\/strong>Profesorado de M\u00fasica (orientaci\u00f3n EDUCADOR MUSICAL), Profesorado y Tecnicaturas (orientaci\u00f3n INSTRUMENTO), Profesorado y Tecnicaturas (orientaci\u00f3n INSTRUMENTO M\u00fasica Popular). <strong>No acredita<\/strong> en Profesorado y Tecnicaturas (orientaci\u00f3n CANTO L\u00cdRICO), Profesorado y Tecnicaturas (orientaci\u00f3n CANTO M\u00fasica Popular).<\/p>\n\n\n\n<pre class=\"wp-block-verse has-text-align-center has-text-color\" style=\"color:#e70e0e\">&#x26a0;&#xfe0f; <strong>ATENCI\u00d3N<\/strong> &#x26a0;&#xfe0f;\nQuienes hayan acreditado la materia \u201c<strong>FONIATR\u00cdA 1\u201d<\/strong> deber\u00e1n comunicarse con el Jefe de \u00c1rea correspondiente para inscribirse en otro EDI no ofertado para su carrera en reemplazo de este EDI.<\/pre>\n\n\n\n<pre class=\"wp-block-preformatted\"><strong>Prof. Melina Saltari<\/strong>\nLunes de 16.00 a 18.00 horas \/ Aula 6, sede Lamadrid 441\n<strong>Contacto<\/strong>: <a href=\"mailto:mesaltari@abc.gob.ar\">mesaltari@abc.gob.ar<\/a><\/pre>\n\n\n\n<p>La finalidad de este espacio es generar conciencia sobre la importancia de cuidar y entrenar la voz en el ejercicio profesional docente. Cuenta con una secci\u00f3n te\u00f3rica en la que se conocen las bases de anatom\u00eda y fisiolog\u00eda para la producci\u00f3n de la voz, como as\u00ed tambi\u00e9n los cuidados que requiere y cu\u00e1les pueden ser las patolog\u00edas que se pueden sufrir como consecuencia de un mal uso y\/o abuso vocal. Tambi\u00e9n cuenta con una secci\u00f3n pr\u00e1ctica en la que se realizan ejercicios que estimulan cada uno de los sistemas que intervienen en la producci\u00f3n de la voz para poder crear una rutina personal de entrenamiento, calentamiento y enfriamiento corporo &#8211; vocal y tambi\u00e9n se realizan actividades tendientes a favorecer un uso saludable de la voz hablada y cantada.<\/p>\n\n\n\n<h5 class=\"wp-block-heading\"><strong><strong><span class=\"has-inline-color has-light-green-cyan-color\">\u00bfQui\u00e9nes pueden cursar este EDI?<\/span><\/strong><\/strong><\/h5>\n\n\n\n<ul>\n<li>Estudiantes de la carrera en la que acredita.<\/li>\n\n\n\n<li>Estudiantes con la Formaci\u00f3n B\u00e1sica COMPLETA o de otras carreras en donde no acredita.<\/li>\n\n\n\n<li>Estudiantes con la Formaci\u00f3n B\u00e1sica incompleta o VISITANTES: no se otorga acreditaci\u00f3n ni certificaci\u00f3n, s\u00f3lo contribuye a la formaci\u00f3n personal del que cursa.<\/li>\n<\/ul>\n\n\n\n<h5 class=\"wp-block-heading\"><strong><span class=\"has-inline-color has-light-green-cyan-color\">Requisitos espec\u00edficos de este EDI<\/span><\/strong><\/h5>\n\n\n\n<ul>\n<li>Toda persona interesada en aprender a cuidar y conocer su voz ser\u00e1 bienvenida.<\/li>\n\n\n\n<li>Secundario completo.<\/li>\n\n\n\n<li><strong>VISITANTES<\/strong>: esta modalidad est\u00e1 supeditada al cupo de inscripciones y\/o proyecto anual de la materia. Quienes est\u00e9n interesados en participar deber\u00e1n solicitar la inscripci\u00f3n en Jefatura de \u00c1rea.<\/li>\n<\/ul>\n\n\n\n<hr class=\"wp-block-separator has-css-opacity\"\/>\n\n\n\n<h4 class=\"wp-block-heading\"><strong><span class=\"has-inline-color has-vivid-green-cyan-color\">EDI \u201cM\u00fasica y Discapacidad\u201d<\/span><\/strong><\/h4>\n\n\n\n<p><strong>Acredita en la carrera: <\/strong>Profesorado en M\u00fasica (orientaci\u00f3n EDUCADOR MUSICAL)<\/p>\n\n\n\n<pre class=\"wp-block-preformatted\"><strong>Prof. Silvana Osorio \n<\/strong>Lunes de 13.30 a 15.30 horas \/ Aula Multimedia, sede Lamadrid 441 \n<strong>Contacto<\/strong>: <a href=\"mailto:nosorio@abc.gob.ar\">nosorio@abc.gob.ar<\/a><\/pre>\n\n\n\n<p>Este EDI est\u00e1 destinado a dar las herramientas necesarias para conocer las&nbsp; diferentes discapacidades y patolog\u00edas del alumnado, para poder resolver situaciones y\/o emergentes que puedan darse en la instituci\u00f3n educativa o clases de m\u00fasica; qu\u00e9 adaptaciones instrumentales y\/o del entorno tengo que realizar para llegar&nbsp; al ni\u00f1o\/a y\/o adolescente que tenga alguna limitaci\u00f3n (psicomotriz, visual, intelectual, auditiva, etc.), qu\u00e9 actividades necesito adaptar para tener una respuesta favorable y un aprendizaje significativo. Es necesario conocer las diferentes realidades y saber c\u00f3mo desarrollar una clase de m\u00fasica donde todos y cada individuo tenga igualdad de oportunidades. <\/p>\n\n\n\n<figure class=\"wp-block-embed is-type-video is-provider-youtube wp-block-embed-youtube wp-embed-aspect-16-9 wp-has-aspect-ratio\"><div class=\"wp-block-embed__wrapper\">\n<iframe loading=\"lazy\" title=\"EDI La educaci\u00f3n musical en ni\u00f1o con necesidades especiales\" width=\"1200\" height=\"675\" src=\"https:\/\/www.youtube.com\/embed\/vxCUBCOfGl8?feature=oembed\" frameborder=\"0\" allow=\"accelerometer; autoplay; clipboard-write; encrypted-media; gyroscope; picture-in-picture; web-share\" referrerpolicy=\"strict-origin-when-cross-origin\" allowfullscreen><\/iframe>\n<\/div><\/figure>\n\n\n\n<figure class=\"wp-block-embed is-type-wp-embed is-provider-conservatorio-de-musica-de-bahia-blanca wp-block-embed-conservatorio-de-musica-de-bahia-blanca\"><div class=\"wp-block-embed__wrapper\">\n<blockquote class=\"wp-embedded-content\" data-secret=\"yUHKmcwHVF\"><a href=\"https:\/\/cbblanca-bue.infd.edu.ar\/sitio\/charla-sobre-discapacidad-auditiva\/\">Charla sobre discapacidad auditiva<\/a><\/blockquote><iframe class=\"wp-embedded-content\" sandbox=\"allow-scripts\" security=\"restricted\" style=\"position: absolute; clip: rect(1px, 1px, 1px, 1px);\" title=\"\u00abCharla sobre discapacidad auditiva\u00bb \u2014 Conservatorio de M\u00fasica de Bah\u00eda Blanca\" src=\"https:\/\/cbblanca-bue.infd.edu.ar\/sitio\/charla-sobre-discapacidad-auditiva\/embed\/#?secret=Yzo2BCvzbi#?secret=yUHKmcwHVF\" data-secret=\"yUHKmcwHVF\" width=\"600\" height=\"338\" frameborder=\"0\" marginwidth=\"0\" marginheight=\"0\" scrolling=\"no\"><\/iframe>\n<\/div><figcaption class=\"wp-element-caption\">Actividad realizada por la c\u00e1tedra el 5 de septiembre de 2022<\/figcaption><\/figure>\n\n\n\n<h5 class=\"wp-block-heading\"><strong><span class=\"has-inline-color has-light-green-cyan-color\">\u00bfQui\u00e9nes pueden cursar este EDI?<\/span><\/strong><\/h5>\n\n\n\n<ul>\n<li>Estudiantes de la carrera en la que acredita.<\/li>\n\n\n\n<li>Estudiantes con la Formaci\u00f3n B\u00e1sica COMPLETA o de otras carreras en donde no acredita.<\/li>\n\n\n\n<li>Estudiantes con la Formaci\u00f3n B\u00e1sica incompleta o VISITANTES: no se otorga acreditaci\u00f3n ni certificaci\u00f3n, s\u00f3lo contribuye a la formaci\u00f3n personal del que cursa.<\/li>\n<\/ul>\n\n\n\n<h5 class=\"wp-block-heading\"><strong><span class=\"has-inline-color has-light-green-cyan-color\">Requisitos espec\u00edficos de este EDI<\/span><\/strong><\/h5>\n\n\n\n<ul>\n<li>Secundario completo.<\/li>\n\n\n\n<li><strong>VISITANTES<\/strong>: esta modalidad est\u00e1 supeditada al cupo de inscripciones y\/o proyecto anual de la materia. Quienes est\u00e9n interesados en participar deber\u00e1n solicitar la inscripci\u00f3n en Jefatura de \u00c1rea.<\/li>\n<\/ul>\n\n\n\n<hr class=\"wp-block-separator has-css-opacity\"\/>\n\n\n\n<h4 class=\"wp-block-heading\"><strong><span class=\"has-inline-color has-vivid-green-cyan-color\">EDI \u201cTaller de Folklore Musical Argentino\u201d<\/span><\/strong><\/h4>\n\n\n\n<p><strong>Acredita en la carrera: <\/strong>Profesorado en M\u00fasica (orientaci\u00f3n EDUCADOR MUSICAL)<\/p>\n\n\n\n<pre class=\"wp-block-preformatted\">A designar\nMartes de 20.00 a 22.00 horas \/ Escuela de Teatro (Gral. Paz 250)\n<strong>Contacto<\/strong>: <\/pre>\n\n\n\n<p>Este espacio est\u00e1&nbsp;orientado a promover la creaci\u00f3n de propuestas educativas l\u00fadicas e interdisciplinarias que integren&nbsp;teatro y m\u00fasica desde una mirada esc\u00e9nica.&nbsp;<\/p>\n\n\n\n<p>Los estudiantes explorar\u00e1n, seleccionar\u00e1n recursos y&nbsp;materialidades que les permitan desarrollar actividades educativas para los distintos niveles&nbsp;del sistema educativo.<\/p>\n\n\n\n<p>Adem\u00e1s, el taller busca dotar a los futuros&nbsp;docentes de herramientas pr\u00e1cticas para gestionar&nbsp; proyectos y adaptarlos a&nbsp;diferentes contextos y grupos de estudiantes.<\/p>\n\n\n\n<p>Se cursa en conjunto con alumnos de cuarto a\u00f1o del Profesorado de Teatro.<\/p>\n\n\n\n<h5 class=\"wp-block-heading\"><strong><strong><span class=\"has-inline-color has-light-green-cyan-color\">\u00bfQui\u00e9nes pueden cursar este EDI?<\/span><\/strong><\/strong><\/h5>\n\n\n\n<ul>\n<li>Estudiantes de la carrera en la que acredita.<\/li>\n<\/ul>\n\n\n\n<h5 class=\"wp-block-heading\"><strong><span class=\"has-inline-color has-light-green-cyan-color\">Requisitos espec\u00edficos de este EDI<\/span><\/strong><\/h5>\n\n\n\n<ul>\n<li>Secundario completo.<\/li>\n\n\n\n<li><strong>VISITANTES<\/strong>: esta modalidad est\u00e1 supeditada al cupo de inscripciones y\/o proyecto anual de la materia. Quienes est\u00e9n interesados en participar deber\u00e1n solicitar la inscripci\u00f3n en Jefatura de \u00c1rea.<\/li>\n<\/ul>\n\n\n\n<hr class=\"wp-block-separator has-css-opacity\"\/>\n\n\n\n<h3 class=\"wp-block-heading has-text-color\" style=\"color:#60b734\"><strong>OBSERVACIONES<\/strong><\/h3>\n\n\n\n<p>Los alumnos de la carrera Profesorado de M\u00fasica &#8211; Orientaci\u00f3n en Educaci\u00f3n Musical est\u00e1n invitados a cursar otros EDI en calidad de ALUMNOS VOCACIONALES. Estos EDIS figurar\u00e1n en sus anal\u00edticos como \u201cmaterias optativas\u201d. Recomendamos para complementar y enriquecer la formaci\u00f3n de los alumnos, aunque no acrediten en la carrera.<\/p>\n\n\n\n<h4 class=\"wp-block-heading\"><strong><em>EDI \u201cActividades y Recursos para la Escolaridad Obligatoria\u201d<\/em><\/strong><em><\/em><\/h4>\n\n\n\n<p>Prof. Mayra D\u00edaz Alchu<\/p>\n\n\n\n<p>Lunes 13:30 a 15.30 hs. \/Aula Lamadrid 13<\/p>\n\n\n\n<p>mail: <a href=\"mailto:mdiazalchu@abc.gob.ar\">mdiazalchu@abc.gob.ar<\/a><\/p>\n\n\n\n<p>Grupo de WhatsApp: <a href=\"https:\/\/chat.whatsapp.com\/G2otAySNS7z8zoPlWwB0KF\">https:\/\/chat.whatsapp.com\/G2otAySNS7z8zoPlWwB0KF<\/a><\/p>\n\n\n\n<h4 class=\"wp-block-heading\"><strong><em>EDI <\/em><\/strong><strong><em><\/em><\/strong><strong><em>\u00abTaller de Producci\u00f3n por Medios Inform\u00e1ticos\u00bb<\/em><\/strong><strong><em><\/em><\/strong><\/h4>\n\n\n\n<p>Prof. Juan Ignacio Cerana<\/p>\n\n\n\n<p>Jueves 15.40 a 17.40 \/ Aula Lamadrid 6<\/p>\n\n\n\n<p>Mail: <a href=\"mailto:jicerana@uns.edu.ar\">jicerana@uns.edu.ar<\/a> \/ <a href=\"mailto:juacerana@gmail.com\">juacerana@gmail.com<\/a><\/p>\n\n\n\n<p>Aula en el Campus Virtual: 056-EDI &#8211; Taller de Producci\u00f3n por Medios Inform\u00e1ticos<\/p>\n\n\n\n<h4 class=\"wp-block-heading\"><strong><em>EDI \u201cGesti\u00f3n Cultural y Producci\u00f3n Art\u00edstica\u201d<\/em><\/strong><\/h4>\n\n\n\n<p>Prof. Manuel Angelini<\/p>\n\n\n\n<p>Mi\u00e9rcoles 15.40 a 17.40 \/ Aula Multimedia Lamadrid<\/p>\n\n\n\n<p>Mail: <a href=\"mailto:mangelini3@abc.gob.ar\">mangelini3@abc.gob.ar<\/a><\/p>\n\n\n\n<p>Aula en el Campus Virtual: <a href=\"https:\/\/cbblanca-bue.infd.edu.ar\/aula\/index.cgi?id_curso=182\">https:\/\/cbblanca-bue.infd.edu.ar\/aula\/index.cgi?id_curso=182<\/a><\/p>\n\n\n\n<p>P\u00e1gina de Facebook: <a href=\"https:\/\/www.facebook.com\/GCyPA\">https:\/\/www.facebook.com\/GCyPA<\/a><\/p>\n","protected":false},"excerpt":{"rendered":"<p>OFERTA DE Espacios de Definici\u00f3n Institucional &#8211; Ciclo lectivo 2024 Carga horaria: 4&nbsp;EDIs (256 hs.) EDI (Espacio de Definici\u00f3n Institucional) DOCENTE D\u00cdA Y HORARIO AULA ACREDITA EN OTROS CAMINOS POSIBLES Comprensi\u00f3n y Producci\u00f3n de Discursos Salaberry Serrano, Geraldina Martes 15.40 a 17.40 Lamadrid 13 1er a\u00f1o 2do a\u00f1o Bases funcionales para la voz del Docente &#8230; <a title=\"EDI de la carrera Prof. en M\u00fasica (or. Educador Musical)\" class=\"read-more\" href=\"https:\/\/cbblanca-bue.infd.edu.ar\/sitio\/edi-de-la-carrera-prof-en-musica-or-educador-musical\/\" aria-label=\"More on EDI de la carrera Prof. en M\u00fasica (or. Educador Musical)\">[+]<\/a><\/p>\n","protected":false},"author":5656,"featured_media":0,"parent":0,"menu_order":0,"comment_status":"closed","ping_status":"closed","template":"","meta":[],"acf":[],"_links":{"self":[{"href":"https:\/\/cbblanca-bue.infd.edu.ar\/sitio\/wp-json\/wp\/v2\/pages\/2868"}],"collection":[{"href":"https:\/\/cbblanca-bue.infd.edu.ar\/sitio\/wp-json\/wp\/v2\/pages"}],"about":[{"href":"https:\/\/cbblanca-bue.infd.edu.ar\/sitio\/wp-json\/wp\/v2\/types\/page"}],"author":[{"embeddable":true,"href":"https:\/\/cbblanca-bue.infd.edu.ar\/sitio\/wp-json\/wp\/v2\/users\/5656"}],"replies":[{"embeddable":true,"href":"https:\/\/cbblanca-bue.infd.edu.ar\/sitio\/wp-json\/wp\/v2\/comments?post=2868"}],"version-history":[{"count":32,"href":"https:\/\/cbblanca-bue.infd.edu.ar\/sitio\/wp-json\/wp\/v2\/pages\/2868\/revisions"}],"predecessor-version":[{"id":4009,"href":"https:\/\/cbblanca-bue.infd.edu.ar\/sitio\/wp-json\/wp\/v2\/pages\/2868\/revisions\/4009"}],"wp:attachment":[{"href":"https:\/\/cbblanca-bue.infd.edu.ar\/sitio\/wp-json\/wp\/v2\/media?parent=2868"}],"curies":[{"name":"wp","href":"https:\/\/api.w.org\/{rel}","templated":true}]}}