{"id":286,"date":"2016-10-31T13:17:59","date_gmt":"2016-10-31T16:17:59","guid":{"rendered":"https:\/\/cbblanca-bue.infd.edu.ar\/sitio\/?page_id=286"},"modified":"2026-05-11T14:21:46","modified_gmt":"2026-05-11T17:21:46","slug":"inicio","status":"publish","type":"page","link":"https:\/\/cbblanca-bue.infd.edu.ar\/sitio\/","title":{"rendered":"Inicio"},"content":{"rendered":"\n<div class=\"wp-block-columns is-layout-flex wp-container-3\">\n<div class=\"wp-block-column is-layout-flow\">\n<!-- BANNER 1: ORGANIZACI\u00d3N INSTITUCIONAL -->\n<div class=\"conser-banner-col\">\n    <a href=\"https:\/\/cbblanca-bue.infd.edu.ar\/sitio\/organizacion-institucional\/\" class=\"conser-link\">\n        <div class=\"conser-box\">\n            <div class=\"conser-icon anim-org\">\n                <svg viewBox=\"0 0 24 24\" xmlns=\"http:\/\/www.w3.org\/2000\/svg\">\n                    <path d=\"M12 2L4.5 20.29l.71.71L12 18l6.79 3 .71-.71z\" fill=\"white\"\/>\n                    <circle cx=\"12\" cy=\"7\" r=\"2\" fill=\"rgba(255,255,255,0.5)\"\/>\n                <\/svg>\n            <\/div>\n            <div class=\"conser-info\">\n                <h2 class=\"conser-text-main\">Organizaci\u00f3n<br>Institucional<\/h2>\n                <p class=\"conser-text-sub\">Conservatorio de M\u00fasica de Bah\u00eda Blanca<\/p>\n            <\/div>\n        <\/div>\n    <\/a>\n<\/div>\n\n<style>\n    .conser-banner-col { width: 100%; margin: 10px 0; font-family: 'Segoe UI', Roboto, sans-serif; }\n    .conser-link { text-decoration: none; display: block; }\n    .conser-box {\n        display: flex; flex-direction: column; align-items: center; justify-content: center;\n        text-align: center; padding: 25px 15px; border-radius: 15px; height: 220px;\n        background: rgba(0, 86, 145, 0.9); border: 4px solid #f39200;\n        transition: all 0.4s cubic-bezier(0.175, 0.885, 0.32, 1.275); color: white; box-sizing: border-box;\n    }\n    .conser-link:hover .conser-box { background: #f39200; transform: translateY(-8px); border-color: white; box-shadow: 0 12px 25px rgba(0,0,0,0.3); }\n    .conser-link:active .conser-box { transform: scale(0.96); }\n    .conser-icon { width: 55px; height: 55px; margin-bottom: 15px; }\n    .conser-icon svg { width: 100%; height: 100%; transition: 0.4s; }\n    .conser-link:hover .anim-org svg { transform: scale(1.2) rotate(10deg); }\n    .conser-text-main { font-size: 1.3rem; font-weight: 800; text-transform: uppercase; margin: 0; line-height: 1.1; letter-spacing: 0.5px; }\n    .conser-text-sub { font-size: 0.85rem; margin: 8px 0 0; opacity: 0.9; font-weight: 300; }\n    @media (max-width: 768px) { .conser-box { height: 200px; padding: 20px 10px; } .conser-text-main { font-size: 1.1rem; } }\n<\/style>\n<\/div>\n\n\n\n<div class=\"wp-block-column is-layout-flow\">\n<!-- BANNER 2: NOTICIAS GENERALES -->\n<div class=\"conser-banner-col\">\n    <a href=\"https:\/\/cbblanca-bue.infd.edu.ar\/sitio\/noticias-generales\/\" class=\"conser-link\">\n        <div class=\"conser-box\">\n            <div class=\"conser-icon anim-news\">\n                <svg viewBox=\"0 0 24 24\" xmlns=\"http:\/\/www.w3.org\/2000\/svg\">\n                    <path d=\"M20 2H4c-1.1 0-1.99.9-1.99 2L2 18c0 1.1.9 2 2 2h16c1.1 0 2-.9 2-2V4c0-1.1-.9-2-2-2zm-5 14H7v-2h8v2zm3-4H7v-2h11v2zm0-4H7V6h11v2z\" fill=\"white\"\/>\n                <\/svg>\n            <\/div>\n            <div class=\"conser-info\">\n                <h2 class=\"conser-text-main\">Noticias<br>Generales<\/h2>\n                <p class=\"conser-text-sub\">Conservatorio de M\u00fasica de Bah\u00eda Blanca<\/p>\n            <\/div>\n        <\/div>\n    <\/a>\n<\/div>\n\n<style>\n    \/* Estilos id\u00e9nticos para asegurar mismas dimensiones *\/\n    .conser-banner-col { width: 100%; margin: 10px 0; font-family: 'Segoe UI', Roboto, sans-serif; }\n    .conser-link { text-decoration: none; display: block; }\n    .conser-box {\n        display: flex; flex-direction: column; align-items: center; justify-content: center;\n        text-align: center; padding: 25px 15px; border-radius: 15px; height: 220px;\n        background:\n    linear-gradient(rgba(0, 86, 145, 0.88), rgba(0, 86, 145, 0.88)),\n    url('https:\/\/cbblanca-bue.infd.edu.ar\/sitio\/wp-content\/uploads\/2026\/05\/pexels-btlnza-17249496-scaled.jpg');\nbackground-size: cover;\nbackground-position: center;\nbackground-repeat: no-repeat;\n        transition: all 0.4s cubic-bezier(0.175, 0.885, 0.32, 1.275); color: white; box-sizing: border-box;\n    }\n    .conser-link:hover .conser-box { background: #f39200; transform: translateY(-8px); border-color: white; box-shadow: 0 12px 25px rgba(0,0,0,0.3); }\n    .conser-link:active .conser-box { transform: scale(0.96); }\n    .conser-icon { width: 55px; height: 55px; margin-bottom: 15px; }\n    .conser-icon svg { width: 100%; height: 100%; transition: 0.4s; }\n    @keyframes newsShake { 0% {transform:rotate(0);} 25% {transform:rotate(5deg);} 75% {transform:rotate(-5deg);} 100% {transform:rotate(0);} }\n    .conser-link:hover .anim-news svg { animation: newsShake 0.3s infinite; }\n    .conser-text-main { font-size: 1.3rem; font-weight: 800; text-transform: uppercase; margin: 0; line-height: 1.1; letter-spacing: 0.5px; }\n    .conser-text-sub { font-size: 0.85rem; margin: 8px 0 0; opacity: 0.9; font-weight: 300; }\n    @media (max-width: 768px) { .conser-box { height: 200px; padding: 20px 10px; } .conser-text-main { font-size: 1.1rem; } }\n<\/style>\n<\/div>\n<\/div>\n\n\n<style>.wp-show-posts-columns#wpsp-383 {margin-left: -2em; }.wp-show-posts-columns#wpsp-383 .wp-show-posts-inner {margin: 0 0 2em 2em; }<\/style><section id=\"wpsp-383\" class=\" wp-show-posts-columns wp-show-posts\" style=\"\"><article class=\" wp-show-posts-single post-5128 post type-post status-publish format-standard has-post-thumbnail hentry category-sin-categoria wpsp-col-4\" itemtype=\"http:\/\/schema.org\/CreativeWork\" itemscope><div class=\"wp-show-posts-inner\" style=\"\">\t\t<div class=\"wp-show-posts-image  wpsp-image-center \">\n\t\t\t<a href=\"https:\/\/cbblanca-bue.infd.edu.ar\/sitio\/atencion-docentes-taller-informativo-sobre-resolucion-6179-25\/\"  title=\"ATENCI\u00d3N DOCENTES!!! TALLER INFORMATIVO SOBRE RESOLUCI\u00d3N 6179\/25\">\t\t\t\t\t<img src=\"https:\/\/cbblanca-bue.infd.edu.ar\/sitio\/wp-content\/uploads\/2026\/04\/Copy-of-Copy-of-Copy-of-Nueva-seccion-5-500x500.png\" alt=\"ATENCI\u00d3N DOCENTES!!! TALLER INFORMATIVO SOBRE RESOLUCI\u00d3N 6179\/25\" itemprop=\"image\" class=\"center\" \/>\n\t\t\t\t<\/a>\t\t<\/div>\n\t\t\t\t\t\t\t\t<header class=\"wp-show-posts-entry-header\">\n\t\t\t\t\t\t\t<h2 class=\"wp-show-posts-entry-title\" itemprop=\"headline\"><a href=\"https:\/\/cbblanca-bue.infd.edu.ar\/sitio\/atencion-docentes-taller-informativo-sobre-resolucion-6179-25\/\" rel=\"bookmark\">ATENCI\u00d3N DOCENTES!!! TALLER INFORMATIVO SOBRE RESOLUCI\u00d3N 6179\/25<\/a><\/h2>\t\t\t\t\t\t<\/header><!-- .entry-header -->\n\t\t\t\t\t\t\t\t\t\t\t<div class=\"wp-show-posts-entry-summary\" itemprop=\"text\">\n\t\t\t\t\t\t\t<p>&#x1f4dc; La Sede de Inspecci\u00f3n de Nivel Superior Regi\u00f3n 22 invita a los\/as interesados a acceder a m\u00f3dulos y\/o cargos en Nivel Superior al Taller informativo sobre la Res. 6179\/25&#8230;<\/p>\n\t\t\t\t\t\t<\/div><!-- .entry-summary -->\n\t\t\t\t\t<\/div><!-- wp-show-posts-inner --><\/article><article class=\" wp-show-posts-single post-4295 post type-post status-publish format-standard has-post-thumbnail hentry category-docentes category-estudiantes category-institucionales category-noticias tag-docentes tag-estudiantes tag-institucionales wpsp-col-4\" itemtype=\"http:\/\/schema.org\/CreativeWork\" itemscope><div class=\"wp-show-posts-inner\" style=\"\">\t\t<div class=\"wp-show-posts-image  wpsp-image-center \">\n\t\t\t<a href=\"https:\/\/cbblanca-bue.infd.edu.ar\/sitio\/nuevo-espacio-en-la-web-para-la-cobertura-de-cargos-en-el-cmbb\/\"  title=\"NUEVO ESPACIO EN LA WEB PARA LA COBERTURA DE CARGOS EN EL CMBB\">\t\t\t\t\t<img src=\"https:\/\/cbblanca-bue.infd.edu.ar\/sitio\/wp-content\/uploads\/2026\/03\/Copy-of-Copy-of-Copy-of-Copy-of-Nueva-seccion-500x500.png\" alt=\"NUEVO ESPACIO EN LA WEB PARA LA COBERTURA DE CARGOS EN EL CMBB\" itemprop=\"image\" class=\"center\" \/>\n\t\t\t\t<\/a>\t\t<\/div>\n\t\t\t\t\t\t\t\t<header class=\"wp-show-posts-entry-header\">\n\t\t\t\t\t\t\t<h2 class=\"wp-show-posts-entry-title\" itemprop=\"headline\"><a href=\"https:\/\/cbblanca-bue.infd.edu.ar\/sitio\/nuevo-espacio-en-la-web-para-la-cobertura-de-cargos-en-el-cmbb\/\" rel=\"bookmark\">NUEVO ESPACIO EN LA WEB PARA LA COBERTURA DE CARGOS EN EL CMBB<\/a><\/h2>\t\t\t\t\t\t<\/header><!-- .entry-header -->\n\t\t\t\t\t\t\t\t\t\t\t<div class=\"wp-show-posts-entry-summary\" itemprop=\"text\">\n\t\t\t\t\t\t\t<p>Inauguramos en la web la nueva secci\u00f3n COBERTURA DE CARGOS. Esperamos que sea \u00fatil para todo aquel interesado en postularse para cargos docentes, cargos docentes de base y cargos jer\u00e1rquicos&#8230;.<\/p>\n\t\t\t\t\t\t<\/div><!-- .entry-summary -->\n\t\t\t\t\t<\/div><!-- wp-show-posts-inner --><\/article><article class=\" wp-show-posts-single post-4292 post type-post status-publish format-standard has-post-thumbnail hentry category-docentes category-estudiantes category-institucionales category-noticias tag-docentes tag-estudiantes tag-institucionales tag-noticias wpsp-col-4\" itemtype=\"http:\/\/schema.org\/CreativeWork\" itemscope><div class=\"wp-show-posts-inner\" style=\"\">\t\t<div class=\"wp-show-posts-image  wpsp-image-center \">\n\t\t\t<a href=\"https:\/\/cbblanca-bue.infd.edu.ar\/sitio\/nuevo-espacio-en-la-web-para-la-organizacion-institucional\/\"  title=\"NUEVO ESPACIO EN LA WEB PARA LA ORGANIZACI\u00d3N INSTITUCIONAL\">\t\t\t\t\t<img src=\"https:\/\/cbblanca-bue.infd.edu.ar\/sitio\/wp-content\/uploads\/2026\/03\/Copy-of-Copy-of-Copy-of-Copy-of-Copy-of-Nueva-seccion-500x500.png\" alt=\"NUEVO ESPACIO EN LA WEB PARA LA ORGANIZACI\u00d3N INSTITUCIONAL\" itemprop=\"image\" class=\"center\" \/>\n\t\t\t\t<\/a>\t\t<\/div>\n\t\t\t\t\t\t\t\t<header class=\"wp-show-posts-entry-header\">\n\t\t\t\t\t\t\t<h2 class=\"wp-show-posts-entry-title\" itemprop=\"headline\"><a href=\"https:\/\/cbblanca-bue.infd.edu.ar\/sitio\/nuevo-espacio-en-la-web-para-la-organizacion-institucional\/\" rel=\"bookmark\">NUEVO ESPACIO EN LA WEB PARA LA ORGANIZACI\u00d3N INSTITUCIONAL<\/a><\/h2>\t\t\t\t\t\t<\/header><!-- .entry-header -->\n\t\t\t\t\t\t\t\t\t\t\t<div class=\"wp-show-posts-entry-summary\" itemprop=\"text\">\n\t\t\t\t\t\t\t<p>Comunidad Educativa: Inauguramos en la web la nueva secci\u00f3n ORGANIZACI\u00d3N INSTITUCIONAL. Esperamos que sea \u00fatil para el personal, las\/los estudiantes y las familias, y que resulte un recurso para informarse&#8230;<\/p>\n\t\t\t\t\t\t<\/div><!-- .entry-summary -->\n\t\t\t\t\t<\/div><!-- wp-show-posts-inner --><\/article><article class=\" wp-show-posts-single post-5233 post type-post status-publish format-standard has-post-thumbnail hentry category-sin-categoria wpsp-col-4\" itemtype=\"http:\/\/schema.org\/CreativeWork\" itemscope><div class=\"wp-show-posts-inner\" style=\"\">\t\t<div class=\"wp-show-posts-image  wpsp-image-center \">\n\t\t\t<a href=\"https:\/\/cbblanca-bue.infd.edu.ar\/sitio\/beca-progresar-2\/\"  title=\"BECA PROGRESAR\">\t\t\t\t\t<img src=\"https:\/\/cbblanca-bue.infd.edu.ar\/sitio\/wp-content\/uploads\/2026\/04\/Copy-of-Copy-of-Copy-of-Copy-of-Copy-of-Copy-of-Nueva-seccion-500x500.png\" alt=\"BECA PROGRESAR\" itemprop=\"image\" class=\"center\" \/>\n\t\t\t\t<\/a>\t\t<\/div>\n\t\t\t\t\t\t\t\t<header class=\"wp-show-posts-entry-header\">\n\t\t\t\t\t\t\t<h2 class=\"wp-show-posts-entry-title\" itemprop=\"headline\"><a href=\"https:\/\/cbblanca-bue.infd.edu.ar\/sitio\/beca-progresar-2\/\" rel=\"bookmark\">BECA PROGRESAR<\/a><\/h2>\t\t\t\t\t\t<\/header><!-- .entry-header -->\n\t\t\t\t\t\t\t\t\t\t\t<div class=\"wp-show-posts-entry-summary\" itemprop=\"text\">\n\t\t\t\t\t\t\t<p>El Conservatorio de M\u00fasica de Bah\u00eda Blanca compa\u00f1a a los j\u00f3venes para que finalicen la educaci\u00f3n obligatoria, estudien en el nivel superior o se formen profesionalmente. ><\/p>\n\t\t\t\t\t\t<\/div><!-- .entry-summary -->\n\t\t\t\t\t<\/div><!-- wp-show-posts-inner --><\/article><article class=\" wp-show-posts-single post-5134 post type-post status-publish format-standard has-post-thumbnail hentry category-sin-categoria wpsp-col-4\" itemtype=\"http:\/\/schema.org\/CreativeWork\" itemscope><div class=\"wp-show-posts-inner\" style=\"\">\t\t<div class=\"wp-show-posts-image  wpsp-image-center \">\n\t\t\t<a href=\"https:\/\/cbblanca-bue.infd.edu.ar\/sitio\/01-05-26-dia-internacional-de-las-trabajadoras-y-los-trabajadores\/\"  title=\"1\u00b0 DE MAYO D\u00cdA INTERNACIONAL DE LAS TRABAJADORAS Y LOS TRABAJADORES\">\t\t\t\t\t<img src=\"https:\/\/cbblanca-bue.infd.edu.ar\/sitio\/wp-content\/uploads\/2026\/04\/Ivan-1ro-de-mayo-500x500.jpeg\" alt=\"1\u00b0 DE MAYO D\u00cdA INTERNACIONAL DE LAS TRABAJADORAS Y LOS TRABAJADORES\" itemprop=\"image\" class=\"center\" \/>\n\t\t\t\t<\/a>\t\t<\/div>\n\t\t\t\t\t\t\t\t<header class=\"wp-show-posts-entry-header\">\n\t\t\t\t\t\t\t<h2 class=\"wp-show-posts-entry-title\" itemprop=\"headline\"><a href=\"https:\/\/cbblanca-bue.infd.edu.ar\/sitio\/01-05-26-dia-internacional-de-las-trabajadoras-y-los-trabajadores\/\" rel=\"bookmark\">1\u00b0 DE MAYO D\u00cdA INTERNACIONAL DE LAS TRABAJADORAS Y LOS TRABAJADORES<\/a><\/h2>\t\t\t\t\t\t<\/header><!-- .entry-header -->\n\t\t\t\t\t\t\t\t\t\t\t<div class=\"wp-show-posts-entry-summary\" itemprop=\"text\">\n\t\t\t\t\t\t\t<p>El 1\u00b0 de Mayo constituye una fecha sumamente importante porque se conmemora el D\u00eda Internacional de las Trabajadoras y los Trabajadores. Esta jornada hist\u00f3rica tiene dos particularidades que podemos destacar:&#8230;<\/p>\n\t\t\t\t\t\t<\/div><!-- .entry-summary -->\n\t\t\t\t\t<\/div><!-- wp-show-posts-inner --><\/article><div class=\"wpsp-clear\"><\/div><\/section><!-- .wp-show-posts -->\n<hr \/>\n<h1 style=\"text-align: center;\"><span style=\"color: #339966;\"><iframe loading=\"lazy\" title=\"YouTube video player\" src=\"https:\/\/www.youtube.com\/embed\/Ye4yPP5if1s?si=9VyNVA_aYelx0GkM\" width=\"888\" height=\"500\" frameborder=\"0\" allowfullscreen=\"allowfullscreen\" data-mce-fragment=\"1\"><\/iframe><\/span><\/h1>\n<h1>\u00a0<\/h1>\n<h1 style=\"text-align: center;\"><span style=\"color: #757575;\">CONSERVATORIO DE M\u00daSICA DE BAH\u00cdA BLANCA Fundado el 11 de abril de 1947<\/span><\/h1>\n<h1 style=\"text-align: center;\">\u00a0<\/h1>\n<div>\n<h5><strong>\u00bfQui\u00e9nes somos?<\/strong><\/h5>\n<p style=\"text-align: center;\">Somos una instituci\u00f3n p\u00fablica dedicada a la formaci\u00f3n art\u00edstica y docente con especializaci\u00f3n en m\u00fasica. Brindamos educaci\u00f3n gratuita y contamos con casi 70 a\u00f1os de trayectoria en la ciudad. Formamos parte de las cinco escuelas de Educaci\u00f3n Art\u00edstica de Bah\u00eda Blanca y dependemos de la Direcci\u00f3n General de Cultura y Educaci\u00f3n de la Provincia de Buenos Aires. La m\u00fasica habita cada uno de nuestros espacios. Desarrollamos nuestras actividades en tres sedes, con actividades desde la ma\u00f1ana hasta la noche, y extendemos nuestra presencia a distintas instituciones y espacios culturales de la ciudad a trav\u00e9s de las producciones musicales grupales de nuestras y nuestros estudiantes. Nuestro equipo est\u00e1 integrado por casi 190 personas: docentes, preceptoras, bibliotecarias, EMATP, auxiliares y equipo directivo y de conducci\u00f3n que acompa\u00f1an diariamente la vida institucional. Recibimos estudiantes desde los 9 a\u00f1os en adelante, no solo de Bah\u00eda Blanca sino tambi\u00e9n de toda la regi\u00f3n: Coronel Rosales, Tornquist, Coronel Pringles, Coronel Dorrego, Puan y otros distritos vecinos. Actualmente, m\u00e1s de 1200 estudiantes forman parte de nuestra escuela. &#x1f3b6; Sumate a nuestra comunidad educativa.<\/p>\n<\/div>\n<div>\n<h1 style=\"text-align: center;\"><a href=\"index.cgi?wid_seccion=19\"><img decoding=\"async\" loading=\"lazy\" class=\"\" src=\"https:\/\/cbblanca-bue.infd.edu.ar\/sitio\/wp-content\/uploads\/2026\/05\/pngwing.com_-1.png\" alt=\"Leer m\u00e1s (chico)\" width=\"30\" height=\"30\" border=\"0\" \/>Oferta educativa<\/a>\u00a0<\/h1>\n<p>\u00a0<\/p>\n<\/div>\n\n\n<div class=\"wp-block-group is-content-justification-center is-nowrap is-layout-flex wp-container-4\">\n<figure class=\"wp-block-image size-full is-resized\"><a href=\"https:\/\/www.youtube.com\/@conserbb\"><img decoding=\"async\" loading=\"lazy\" src=\"https:\/\/cbblanca-bue.infd.edu.ar\/sitio\/wp-content\/uploads\/2026\/05\/pngwing.com_.png\" alt=\"\" class=\"wp-image-5311\" width=\"61\" height=\"61\" srcset=\"https:\/\/cbblanca-bue.infd.edu.ar\/sitio\/wp-content\/uploads\/2026\/05\/pngwing.com_.png 512w, https:\/\/cbblanca-bue.infd.edu.ar\/sitio\/wp-content\/uploads\/2026\/05\/pngwing.com_-500x500.png 500w\" sizes=\"(max-width: 61px) 100vw, 61px\" \/><\/a><\/figure>\n\n\n\n<figure class=\"wp-block-image size-full is-resized\"><a href=\"https:\/\/www.instagram.com\/conserbb\/\"><img decoding=\"async\" loading=\"lazy\" src=\"https:\/\/cbblanca-bue.infd.edu.ar\/sitio\/wp-content\/uploads\/2026\/05\/images-1.jpg\" alt=\"\" class=\"wp-image-5312\" width=\"45\" height=\"45\"\/><\/a><\/figure>\n<\/div>\n","protected":false},"excerpt":{"rendered":"<p>Organizaci\u00f3nInstitucional Conservatorio de M\u00fasica de Bah\u00eda Blanca NoticiasGenerales Conservatorio de M\u00fasica de Bah\u00eda Blanca \u00a0 CONSERVATORIO DE M\u00daSICA DE BAH\u00cdA BLANCA Fundado el 11 de abril de 1947 \u00a0 \u00bfQui\u00e9nes somos? Somos una instituci\u00f3n p\u00fablica dedicada a la formaci\u00f3n art\u00edstica y docente con especializaci\u00f3n en m\u00fasica. Brindamos educaci\u00f3n gratuita y contamos con casi 70 a\u00f1os &#8230; <a title=\"1\u00b0 DE MAYO D\u00cdA INTERNACIONAL DE LAS TRABAJADORAS Y LOS TRABAJADORES\" class=\"read-more\" href=\"https:\/\/cbblanca-bue.infd.edu.ar\/sitio\/01-05-26-dia-internacional-de-las-trabajadoras-y-los-trabajadores\/\" aria-label=\"More on 1\u00b0 DE MAYO D\u00cdA INTERNACIONAL DE LAS TRABAJADORAS Y LOS TRABAJADORES\">[+]<\/a><\/p>\n","protected":false},"author":5656,"featured_media":0,"parent":0,"menu_order":0,"comment_status":"closed","ping_status":"closed","template":"","meta":[],"acf":[],"_links":{"self":[{"href":"https:\/\/cbblanca-bue.infd.edu.ar\/sitio\/wp-json\/wp\/v2\/pages\/286"}],"collection":[{"href":"https:\/\/cbblanca-bue.infd.edu.ar\/sitio\/wp-json\/wp\/v2\/pages"}],"about":[{"href":"https:\/\/cbblanca-bue.infd.edu.ar\/sitio\/wp-json\/wp\/v2\/types\/page"}],"author":[{"embeddable":true,"href":"https:\/\/cbblanca-bue.infd.edu.ar\/sitio\/wp-json\/wp\/v2\/users\/5656"}],"replies":[{"embeddable":true,"href":"https:\/\/cbblanca-bue.infd.edu.ar\/sitio\/wp-json\/wp\/v2\/comments?post=286"}],"version-history":[{"count":423,"href":"https:\/\/cbblanca-bue.infd.edu.ar\/sitio\/wp-json\/wp\/v2\/pages\/286\/revisions"}],"predecessor-version":[{"id":5481,"href":"https:\/\/cbblanca-bue.infd.edu.ar\/sitio\/wp-json\/wp\/v2\/pages\/286\/revisions\/5481"}],"wp:attachment":[{"href":"https:\/\/cbblanca-bue.infd.edu.ar\/sitio\/wp-json\/wp\/v2\/media?parent=286"}],"curies":[{"name":"wp","href":"https:\/\/api.w.org\/{rel}","templated":true}]}}