{"id":2745,"date":"2022-03-11T12:34:11","date_gmt":"2022-03-11T15:34:11","guid":{"rendered":"https:\/\/cbblanca-bue.infd.edu.ar\/sitio\/?page_id=2745"},"modified":"2022-04-27T12:24:56","modified_gmt":"2022-04-27T15:24:56","slug":"banda","status":"publish","type":"page","link":"https:\/\/cbblanca-bue.infd.edu.ar\/sitio\/banda\/","title":{"rendered":"Banda"},"content":{"rendered":"\n<h4 class=\"wp-block-heading\"><strong><span class=\"has-inline-color has-luminous-vivid-orange-color\">BANDA<\/span><\/strong><\/h4>\n\n\n\n<p><strong>a cargo del prof. Claudio Gonz\u00e1lez<\/strong><\/p>\n\n\n\n<hr class=\"wp-block-separator\"\/>\n\n\n\n<h4 class=\"wp-block-heading\"><strong><span class=\"has-inline-color has-vivid-red-color\">\u00a1Novedad!<\/span>&nbsp;<span class=\"has-inline-color has-light-green-cyan-color\">BAJO EN BANDA<\/span><\/strong><\/h4>\n\n\n\n<pre class=\"wp-block-verse\"><strong>Horario y sede<\/strong>: a definir<\/pre>\n\n\n\n<pre class=\"wp-block-verse has-medium-font-size\">Destinado a estudiantes de bajo el\u00e9ctrico, guitarra y percusi\u00f3n (caj\u00f3n peruano, hi-hat, platillo, bong\u00f3, shakers) de <strong><span class=\"has-inline-color has-vivid-red-color\">FoBa de Ni\u00f1os y Preadolescentes<\/span><\/strong> que tengan <strong>Taller I acreditado<\/strong>.<\/pre>\n\n\n\n<p>Inauguramos un espacio de formaci\u00f3n musical para el aprendizaje musical e instrumental mediante la concertaci\u00f3n y la pr\u00e1ctica colaborativa.<\/p>\n\n\n\n<blockquote class=\"wp-block-quote is-style-large\"><p>Para improvisar y crear asumiendo diferentes roles instrumentales<br>Para dialogar en confianza y valorar de las propias producciones y las de los\/as compa\u00f1eros\/as.<\/p><\/blockquote>\n","protected":false},"excerpt":{"rendered":"<p>BANDA a cargo del prof. Claudio Gonz\u00e1lez \u00a1Novedad!&nbsp;BAJO EN BANDA Horario y sede: a definir Destinado a estudiantes de bajo el\u00e9ctrico, guitarra y percusi\u00f3n (caj\u00f3n peruano, hi-hat, platillo, bong\u00f3, shakers) de FoBa de Ni\u00f1os y Preadolescentes que tengan Taller I acreditado. Inauguramos un espacio de formaci\u00f3n musical para el aprendizaje musical e instrumental mediante la &#8230; <a title=\"Banda\" class=\"read-more\" href=\"https:\/\/cbblanca-bue.infd.edu.ar\/sitio\/banda\/\" aria-label=\"More on Banda\">[+]<\/a><\/p>\n","protected":false},"author":5656,"featured_media":0,"parent":0,"menu_order":0,"comment_status":"closed","ping_status":"closed","template":"","meta":[],"acf":[],"_links":{"self":[{"href":"https:\/\/cbblanca-bue.infd.edu.ar\/sitio\/wp-json\/wp\/v2\/pages\/2745"}],"collection":[{"href":"https:\/\/cbblanca-bue.infd.edu.ar\/sitio\/wp-json\/wp\/v2\/pages"}],"about":[{"href":"https:\/\/cbblanca-bue.infd.edu.ar\/sitio\/wp-json\/wp\/v2\/types\/page"}],"author":[{"embeddable":true,"href":"https:\/\/cbblanca-bue.infd.edu.ar\/sitio\/wp-json\/wp\/v2\/users\/5656"}],"replies":[{"embeddable":true,"href":"https:\/\/cbblanca-bue.infd.edu.ar\/sitio\/wp-json\/wp\/v2\/comments?post=2745"}],"version-history":[{"count":2,"href":"https:\/\/cbblanca-bue.infd.edu.ar\/sitio\/wp-json\/wp\/v2\/pages\/2745\/revisions"}],"predecessor-version":[{"id":2829,"href":"https:\/\/cbblanca-bue.infd.edu.ar\/sitio\/wp-json\/wp\/v2\/pages\/2745\/revisions\/2829"}],"wp:attachment":[{"href":"https:\/\/cbblanca-bue.infd.edu.ar\/sitio\/wp-json\/wp\/v2\/media?parent=2745"}],"curies":[{"name":"wp","href":"https:\/\/api.w.org\/{rel}","templated":true}]}}