{"id":2628,"date":"2022-03-03T17:06:35","date_gmt":"2022-03-03T20:06:35","guid":{"rendered":"https:\/\/cbblanca-bue.infd.edu.ar\/sitio\/?page_id=2628"},"modified":"2023-12-13T11:18:35","modified_gmt":"2023-12-13T14:18:35","slug":"ensambles-de-vientos","status":"publish","type":"page","link":"https:\/\/cbblanca-bue.infd.edu.ar\/sitio\/ensambles-de-vientos\/","title":{"rendered":"Ensambles de vientos"},"content":{"rendered":"\n<h4 class=\"wp-block-heading\"><strong><span class=\"has-inline-color has-vivid-red-color\">\u00a1Novedad!<\/span>&nbsp;<span class=\"has-inline-color has-vivid-green-cyan-color\">ENSAMBLE DE VIENTOS<\/span><\/strong><\/h4>\n\n\n\n<p><strong>A cargo del prof. Albin Cede\u00f1o<\/strong> <strong>Arauz<\/strong><\/p>\n\n\n\n<pre class=\"wp-block-verse\"><strong>Horario y sede: <\/strong>jueves de 18 a 20 hs - <strong>Lugar<\/strong>: SUM Escuela 18,  Gral. Paz 387<\/pre>\n\n\n\n<pre class=\"wp-block-preformatted has-medium-font-size\">Destinado a los alumnos de <strong>flauta, clarinete, saxo, oboe, fagot, trompeta, corno, tromb\u00f3n y tuba<\/strong> de <strong><span class=\"has-inline-color has-vivid-red-color\">FoBa de Ni\u00f1os y Preadolescentes, y FoBa de J\u00f3venes y Adultos menores de 18 a\u00f1os<\/span><\/strong>.<\/pre>\n\n\n\n<p>(Los alumnos que no posean instrumento, podr\u00e1n participar ejecutando instrumento de banda r\u00edtmica, hasta poseer el propio).<\/p>\n\n\n\n<p>Espacio de formaci\u00f3n musical con un repertorio inclusivo para todos los niveles instrumentales. La producci\u00f3n musical e instrumental tendr\u00e1 lugar mediante la concertaci\u00f3n y la pr\u00e1ctica colaborativa.<\/p>\n\n\n\n<hr class=\"wp-block-separator has-css-opacity\"\/>\n\n\n\n<h4 class=\"wp-block-heading\"><mark style=\"background-color:rgba(0, 0, 0, 0)\" class=\"has-inline-color has-luminous-vivid-orange-color\">E<strong>NSAMBLE DE FLAUTAS<\/strong><\/mark><\/h4>\n\n\n\n<p><strong>A cargo de la prof. Paula Oyhamburo<\/strong><\/p>\n\n\n\n<pre class=\"wp-block-preformatted\"><strong>Horario<\/strong>: s\u00e1bado 9 a 11 hs - <strong>Lugar<\/strong>: aula 2 (auditorio), Lamadrid 441<\/pre>\n\n\n\n<pre class=\"wp-block-preformatted has-medium-font-size\">Destinado a <strong>flautistas de todas las edades<\/strong>, con un nivel t\u00e9cnico m\u00ednimo equivalente a un <strong><span class=\"has-inline-color has-vivid-red-color\">FOBA 2 o Ciclo Medio 1 en adelante<\/span><\/strong>.<\/pre>\n\n\n<div class=\"wp-block-image\">\n<figure class=\"alignleft is-resized\"><img decoding=\"async\" loading=\"lazy\" src=\"https:\/\/cbblanca-bue.infd.edu.ar\/sitio\/wp-content\/uploads\/2022\/03\/WhatsApp-Image-2022-03-02-at-4.02.29-PM.jpeg\" alt=\"\" class=\"wp-image-2611\" width=\"376\" height=\"306\"\/><figcaption class=\"wp-element-caption\">Ensamble de flautas \u00abLars Nilsson\u00bb<\/figcaption><\/figure><\/div>\n\n\n<p>El Ensamble de Flautas \u201cLars Nilsson\u201d del CMBB nace en el a\u00f1o 2008, y desde entonces se ha mantenido vigente de manera ininterrumpida, realizando conciertos en distintas salas de la ciudad y del interior de la provincia.&nbsp; Se trata de una agrupaci\u00f3n de instrumentos de una misma familia en formaci\u00f3n de orquesta. El objetivo es crear un espacio en com\u00fan para hacer y compartir m\u00fasica, promover el trabajo en equipo, adem\u00e1s de complementar el desarrollo t\u00e9cnico de cada uno de los flautistas.<\/p>\n\n\n\n<p>Participan\u00a0alumnos del Conservatorio de distintos niveles y edades, ex alumnos, egresados y docentes del instrumento. El repertorio que se trabaja es variado, abarcando piezas del g\u00e9nero cl\u00e1sico y popular.<\/p>\n\n\n\n<figure class=\"wp-block-embed is-type-video is-provider-youtube wp-block-embed-youtube wp-embed-aspect-16-9 wp-has-aspect-ratio\"><div class=\"wp-block-embed__wrapper\">\n<iframe loading=\"lazy\" title=\"Ensamble de flautas &quot;Lars Nilsson&quot;\" width=\"1200\" height=\"675\" src=\"https:\/\/www.youtube.com\/embed\/xxEdiJT1c3M?feature=oembed\" frameborder=\"0\" allow=\"accelerometer; autoplay; clipboard-write; encrypted-media; gyroscope; picture-in-picture; web-share\" referrerpolicy=\"strict-origin-when-cross-origin\" allowfullscreen><\/iframe>\n<\/div><\/figure>\n\n\n\n<hr class=\"wp-block-separator has-css-opacity\"\/>\n\n\n\n<h4 class=\"wp-block-heading\"><mark style=\"background-color:rgba(0, 0, 0, 0)\" class=\"has-inline-color has-luminous-vivid-orange-color\">ENSAMBLE DE INSTRUMENTOS ANDINOS<\/mark><\/h4>\n\n\n\n<p><strong>A cargo del prof. Quique Agesta<\/strong><\/p>\n\n\n\n<pre class=\"wp-block-preformatted\"><strong>Horario<\/strong>: Lunes 18 horas - <strong>Lugar<\/strong>: EP n.\u00ba 18,&nbsp; Gral. Paz 387<\/pre>\n\n\n\n<p>En el ensamble de Instrumentos Andinos se estudia la m\u00fasica de los pueblos originarios, m\u00fasica que \u00fanicamente se hace en grupos, donde no hay solistas y donde cada uno tiene un rol asignado.<\/p>\n\n\n\n<p>Tambi\u00e9n aprendemos de la metodolog\u00eda de trabajo de las culturas Aymar\u00e1 y Quichua que est\u00e1n basadas en la solidaridad, reciprocidad y complementariedad.<\/p>\n\n\n\n<p>Hacer m\u00fasica, tocar&nbsp;<strong>sikus, quena y charango<\/strong>, ser parte de una ronda de sikuris, conocer la cultura Quichua y Aymar\u00e1, danzar nuestra propia m\u00fasica, cambiar de una respiraci\u00f3n opresiva a una liberadora, tomar mate, escuchar m\u00fasica, comentar y relacionarse con gente a trav\u00e9s de la m\u00fasica, conocer el di\u00e1logo musical de los sikuris, ser un eslab\u00f3n m\u00e1s de la transmisi\u00f3n oral de los pueblos de Am\u00e9rica: SER UN SIKURI.<\/p>\n\n\n\n<p>Vamos a tocar, cantar y bailar la m\u00fasica m\u00e1s antigua de Am\u00e9rica, recorriendo los sonidos del altiplano de la misma forma que sus comunidades lo hacen desde hace m\u00e1s de 2000 a\u00f1os.<\/p>\n\n\n\n<p>En el taller se te provee de instrumentos hasta que construyas tu propio instrumento con t\u00e9cnicas muy simples.<\/p>\n\n\n\n<figure class=\"wp-block-embed is-type-video is-provider-youtube wp-block-embed-youtube wp-embed-aspect-16-9 wp-has-aspect-ratio\"><div class=\"wp-block-embed__wrapper\">\n<iframe loading=\"lazy\" title=\"Ensamble de Instrumentos Andinos\" width=\"1200\" height=\"675\" src=\"https:\/\/www.youtube.com\/embed\/P-JVKAsQ-cU?feature=oembed\" frameborder=\"0\" allow=\"accelerometer; autoplay; clipboard-write; encrypted-media; gyroscope; picture-in-picture; web-share\" referrerpolicy=\"strict-origin-when-cross-origin\" allowfullscreen><\/iframe>\n<\/div><\/figure>\n\n\n\n<hr class=\"wp-block-separator has-css-opacity\"\/>\n\n\n\n<h4 class=\"wp-block-heading\"><strong><span class=\"has-inline-color has-luminous-vivid-orange-color\">ENSAMBLE DE SAXOS<\/span><\/strong><\/h4>\n\n\n\n<p><strong>A cargo de la prof. Roc\u00edo Migueles<\/strong><\/p>\n\n\n\n<pre class=\"wp-block-preformatted\"><strong>Horario<\/strong>: lunes de 18 a 20 horas - <strong>Lugar<\/strong>: aula 2 (auditorio), Lamadrid 441<\/pre>\n\n\n\n<pre class=\"wp-block-preformatted\"><strong>Requisito de ingreso<\/strong>: instrumento Saxof\u00f3n <span class=\"has-inline-color has-vivid-red-color\"><strong>Foba 1 o Taller de Iniciaci\u00f3n Instrumental 3, <\/strong><\/span><strong>aprobado y acreditado<\/strong>.<\/pre>\n\n\n\n<p>Destinado a alumnos\/as de la Formaci\u00f3n B\u00e1sica y carreras del Conservatorio, ex alumnos\/as y egresados\/as, alumnos\/as de otras instituciones y profesores de saxof\u00f3n de la c\u00e1tedra.<\/p>\n\n\n<div class=\"wp-block-image\">\n<figure class=\"alignleft size-large is-resized\"><img decoding=\"async\" loading=\"lazy\" src=\"https:\/\/cbblanca-bue.infd.edu.ar\/sitio\/wp-content\/uploads\/2022\/03\/ensamble-de-saxos-2022-1-1900x1266.jpg\" alt=\"\" class=\"wp-image-2598\" width=\"373\" height=\"249\" srcset=\"https:\/\/cbblanca-bue.infd.edu.ar\/sitio\/wp-content\/uploads\/2022\/03\/ensamble-de-saxos-2022-1-1900x1266.jpg 1900w, https:\/\/cbblanca-bue.infd.edu.ar\/sitio\/wp-content\/uploads\/2022\/03\/ensamble-de-saxos-2022-1-1000x667.jpg 1000w, https:\/\/cbblanca-bue.infd.edu.ar\/sitio\/wp-content\/uploads\/2022\/03\/ensamble-de-saxos-2022-1-768x512.jpg 768w, https:\/\/cbblanca-bue.infd.edu.ar\/sitio\/wp-content\/uploads\/2022\/03\/ensamble-de-saxos-2022-1-1536x1024.jpg 1536w, https:\/\/cbblanca-bue.infd.edu.ar\/sitio\/wp-content\/uploads\/2022\/03\/ensamble-de-saxos-2022-1.jpg 2000w\" sizes=\"(max-width: 373px) 100vw, 373px\" \/><figcaption class=\"wp-element-caption\">Concierto navide\u00f1o en las escalinatas del Teatro Municipal (2021)<\/figcaption><\/figure><\/div>\n\n\n<p>Los saxofonistas que quieran ingresar al ensamble y no son alumnos del CMBB deben comunicarse con la coordinadora, Prof. Roc\u00edo Migueles al mail&nbsp;<a href=\"mailto:rmigueles1@abc.gob.ar\">rmigueles1@abc.gob.ar<\/a><\/p>\n\n\n\n<p>El Ensamble de Saxos del Conservatorio de M\u00fasica inici\u00f3 sus actividades formales en el a\u00f1o 2015. Se trata de una agrupaci\u00f3n en donde convergen los diferentes instrumentos de la familia del saxof\u00f3n (saxo soprano, saxo alto, saxo tenor y saxo bar\u00edtono).<\/p>\n\n\n\n<p>Surgi\u00f3 como propuesta para enriquecer el trabajo de la catedra de saxos del CMBB y fortalecer la formaci\u00f3n de cada alumno\/a, creando un espacio com\u00fan para hacer y compartir m\u00fasica, complementando el estudio individual del saxof\u00f3n con actividades grupales.<\/p>\n\n\n\n<p>Se aborda repertorio de diferentes or\u00edgenes: m\u00fasica cl\u00e1sica, rag time, jazz, tango, etc. Este a\u00f1o iniciamos un proyecto musical que pone el \u00e9nfasis en especies musicales de ra\u00edz argentina y latinoamericana, se podr\u00e1 escuchar en nuestras pr\u00f3ximas presentaciones.<\/p>\n\n\n\n<p>Desde su creaci\u00f3n, la agrupaci\u00f3n ha realizado conciertos en diferentes espacios institucionales de la ciudad de Bah\u00eda Blanca: Auditorio del Conservatorio de M\u00fasica, Teatro Municipal de Bah\u00eda Blanca, Casa de la Cultura, Sal\u00f3n de Actos y Centro Hist\u00f3rico Cultural de la UNS, Centro Luis Braille, escuelas e institutos p\u00fablicos y privados.<\/p>\n\n\n\n<p>Participan en el ensamble b\u00e1sicamente alumnos\/as de la formaci\u00f3n b\u00e1sica y carreras del CMBB y se suman eventualmente ex alumno\/as y egresado\/as, alumnos\/as de otras instituciones y profesores de saxof\u00f3n de la c\u00e1tedra.<\/p>\n\n\n\n<pre class=\"wp-block-preformatted has-small-font-size\"><strong>CONTACTO<\/strong>\nProf. Roc\u00edo Migueles <a href=\"mailto:rmigueles1@abc.gob.ar\">rmigueles1@abc.gob.ar<\/a><\/pre>\n\n\n\n<figure class=\"wp-block-embed is-type-video is-provider-youtube wp-block-embed-youtube wp-embed-aspect-16-9 wp-has-aspect-ratio\"><div class=\"wp-block-embed__wrapper\">\n<iframe loading=\"lazy\" title=\"Ensamble de saxos\" width=\"1200\" height=\"675\" src=\"https:\/\/www.youtube.com\/embed\/ymbTjj8B4G8?feature=oembed\" frameborder=\"0\" allow=\"accelerometer; autoplay; clipboard-write; encrypted-media; gyroscope; picture-in-picture; web-share\" referrerpolicy=\"strict-origin-when-cross-origin\" allowfullscreen><\/iframe>\n<\/div><\/figure>\n","protected":false},"excerpt":{"rendered":"<p>\u00a1Novedad!&nbsp;ENSAMBLE DE VIENTOS A cargo del prof. Albin Cede\u00f1o Arauz Horario y sede: jueves de 18 a 20 hs &#8211; Lugar: SUM Escuela 18, Gral. Paz 387 Destinado a los alumnos de flauta, clarinete, saxo, oboe, fagot, trompeta, corno, tromb\u00f3n y tuba de FoBa de Ni\u00f1os y Preadolescentes, y FoBa de J\u00f3venes y Adultos menores &#8230; <a title=\"Ensambles de vientos\" class=\"read-more\" href=\"https:\/\/cbblanca-bue.infd.edu.ar\/sitio\/ensambles-de-vientos\/\" aria-label=\"More on Ensambles de vientos\">[+]<\/a><\/p>\n","protected":false},"author":5656,"featured_media":0,"parent":0,"menu_order":0,"comment_status":"closed","ping_status":"closed","template":"","meta":[],"acf":[],"_links":{"self":[{"href":"https:\/\/cbblanca-bue.infd.edu.ar\/sitio\/wp-json\/wp\/v2\/pages\/2628"}],"collection":[{"href":"https:\/\/cbblanca-bue.infd.edu.ar\/sitio\/wp-json\/wp\/v2\/pages"}],"about":[{"href":"https:\/\/cbblanca-bue.infd.edu.ar\/sitio\/wp-json\/wp\/v2\/types\/page"}],"author":[{"embeddable":true,"href":"https:\/\/cbblanca-bue.infd.edu.ar\/sitio\/wp-json\/wp\/v2\/users\/5656"}],"replies":[{"embeddable":true,"href":"https:\/\/cbblanca-bue.infd.edu.ar\/sitio\/wp-json\/wp\/v2\/comments?post=2628"}],"version-history":[{"count":7,"href":"https:\/\/cbblanca-bue.infd.edu.ar\/sitio\/wp-json\/wp\/v2\/pages\/2628\/revisions"}],"predecessor-version":[{"id":4280,"href":"https:\/\/cbblanca-bue.infd.edu.ar\/sitio\/wp-json\/wp\/v2\/pages\/2628\/revisions\/4280"}],"wp:attachment":[{"href":"https:\/\/cbblanca-bue.infd.edu.ar\/sitio\/wp-json\/wp\/v2\/media?parent=2628"}],"curies":[{"name":"wp","href":"https:\/\/api.w.org\/{rel}","templated":true}]}}