{"id":2624,"date":"2022-03-03T16:59:25","date_gmt":"2022-03-03T19:59:25","guid":{"rendered":"https:\/\/cbblanca-bue.infd.edu.ar\/sitio\/?page_id=2624"},"modified":"2023-12-13T11:16:24","modified_gmt":"2023-12-13T14:16:24","slug":"ensambles-de-cuerdas","status":"publish","type":"page","link":"https:\/\/cbblanca-bue.infd.edu.ar\/sitio\/ensambles-de-cuerdas\/","title":{"rendered":"Ensambles de cuerdas"},"content":{"rendered":"\n<h4 class=\"wp-block-heading\"><strong><span class=\"has-inline-color has-luminous-vivid-orange-color\">ENSAMBLE DE CUERDAS INICIAL<\/span><\/strong><\/h4>\n\n\n\n<p class=\"has-medium-font-size\"><strong>A cargo de la prof. Gabriela Iglesias<\/strong><\/p>\n\n\n\n<pre class=\"wp-block-preformatted\"><strong>Horario<\/strong>: lunes de 19 a 21 horas - <strong>Lugar<\/strong>: aula 11B, Lamadrid 441<\/pre>\n\n\n\n<pre class=\"wp-block-preformatted has-medium-font-size\">Destinado a los alumnos de&nbsp;<strong>viol\u00edn, viola, violoncello y contrabajo<\/strong>&nbsp;de los niveles <span class=\"has-inline-color has-vivid-red-color\"><strong>FOBA adultos 1<\/strong>,&nbsp;<strong>Taller de Iniciaci\u00f3n Instrumental 2 y 3, y Ciclo Medio 1<\/strong><\/span><strong>.<\/strong><\/pre>\n\n\n\n<figure class=\"wp-block-image\"><img decoding=\"async\" loading=\"lazy\" width=\"960\" height=\"540\" src=\"https:\/\/cbblanca-bue.infd.edu.ar\/sitio\/wp-content\/uploads\/2022\/03\/WhatsApp-Image-2022-03-02-at-12.52.36-PM.jpeg\" alt=\"\" class=\"wp-image-2608\" srcset=\"https:\/\/cbblanca-bue.infd.edu.ar\/sitio\/wp-content\/uploads\/2022\/03\/WhatsApp-Image-2022-03-02-at-12.52.36-PM.jpeg 960w, https:\/\/cbblanca-bue.infd.edu.ar\/sitio\/wp-content\/uploads\/2022\/03\/WhatsApp-Image-2022-03-02-at-12.52.36-PM-768x432.jpeg 768w\" sizes=\"(max-width: 960px) 100vw, 960px\" \/><\/figure>\n\n\n\n<p>Los Talleres de iniciaci\u00f3n instrumental 1 pueden incorporarse con aprobaci\u00f3n de sus profesores a partir del segundo cuatrimestre.<\/p>\n\n\n\n<p>El \u201cEnsamble de Cuerdas \u2013 INICIAL\u201d es un proyecto creado para la incorporaci\u00f3n temprana de los alumnos iniciantes de cuerda frotada a la pr\u00e1ctica orquestal.<br>La formaci\u00f3n musical es parte esencial del desarrollo integral cognitivo y sensorial del ser humano. La pr\u00e1ctica de conjunto promover\u00e1 al permanente desarrollo de las dimensiones del saber (alcances cognitivos), del hacer (habilidades procedimentales) y del ser (lo valorativo afectivo, actitudinal y motivacional). Es decir, un espacio de contacto temprano y directo con el hacer musical, que en conjunto promueve la responsabilidad, la conciencia de igualdad proporcionando un espacio para el crecimiento y aprendizaje mutuo, la construcci\u00f3n de reglas de comportamiento espec\u00edficas desde la perspectiva de la pr\u00e1ctica orquestal, con eje en el disfrute de esta actividad colectiva.<\/p>\n\n\n\n<p>Con el fin de apoyar e inducir a la afinaci\u00f3n, la r\u00edtmica, el fraseo y la musicalidad, se implementar\u00e1 el acompa\u00f1amiento de piano como soporte arm\u00f3nico.<br>Se realizar\u00e1 en encuentros semanales de 2 hs, los d\u00edas Lunes de 19 a 21 hs en el Aula 11B del Conservatorio de Lamadrid 441, a&nbsp;cargo de la profesora Gabriela Iglesias.<\/p>\n\n\n\n<p>Asistir con: Instrumento, atril (en lo posible), l\u00e1piz, goma y partituras.<\/p>\n\n\n\n<hr class=\"wp-block-separator has-css-opacity\"\/>\n\n\n\n<h4 class=\"wp-block-heading\"><mark style=\"background-color:rgba(0, 0, 0, 0)\" class=\"has-inline-color has-luminous-vivid-orange-color\">ENSAMBLE DE CUERDAS FOBA<\/mark><\/h4>\n\n\n\n<p class=\"has-medium-font-size\"><strong>A cargo del prof. Fernando Duarte<\/strong><\/p>\n\n\n\n<pre class=\"wp-block-preformatted\"><strong>Horario<\/strong>: mi\u00e9rcoles de 18 a 20 hs - <strong>Lugar<\/strong>: aula 2 (auditorio), Lamadrid 441<\/pre>\n\n\n\n<pre class=\"wp-block-preformatted has-medium-font-size\">Destinado b\u00e1sicamente a los alumnos de cuerdas&nbsp;<strong>(viol\u00edn, viola, violoncello, contrabajo)&nbsp;<\/strong>y cualquier otro instrumento que se requiera para abordar una obra espec\u00edfica. El nivel m\u00ednimo requerido es el equivalente a<strong>&nbsp;<\/strong><span class=\"has-inline-color has-vivid-red-color\"><strong><strong>Foba 2 adultos<\/strong><\/strong><\/span><span class=\"has-inline-color has-black-color\"> o<\/span><span class=\"has-inline-color has-vivid-red-color\"> <strong>Ciclo Medio 1<\/strong><\/span>.<\/pre>\n\n\n\n<p>El Ensamble de Cuerdas de la FOBA surge como desprendimiento de un  proyecto iniciado en el a\u00f1o 2007 a cargo de los profesores de viol\u00edn Pedro Zanek y Fernando Duarte con el objetivo de crear en forma escalonada un espacio de formaci\u00f3n orquestal a los alumnos de cuerdas, abordando obras concebidas para formaciones estudiantiles o adaptadas a sus posibilidades t\u00e9cnicas y musicales.<\/p>\n\n\n\n<p>Este trabajo en equipo es fundamental para la formaci\u00f3n musical integral, sobre todo en instrumentos de cuerda frotada dada su alta importancia en un agrupamiento orquestal.&nbsp;<\/p>\n\n\n\n<p>Participar de un Ensamble de esta naturaleza aporta una experiencia colectiva de responsabilidad individual y grupal, enriqueciendo a los integrantes con saberes cognitivos y sensoriales tan importantes para cualquier individuo.&nbsp;<\/p>\n\n\n\n<p>Vincularse con la comunidad es fundamental para el Ensamble, es por eso que desde su formaci\u00f3n se presenta en p\u00fablico junto al Ensamble de Cuerdas del Ciclo Superior y El Ensamble de Cuerdas Inicial, dando Funciones Did\u00e1cticas en establecimientos educativos de distintos niveles.&nbsp;<\/p>\n\n\n\n<p>A su vez brinda conciertos formales en teatros, iglesias y salones de la ciudad y la regi\u00f3n.<\/p>\n\n\n\n<p>Cada fin de Ciclo Lectivo del Conservatorio de M\u00fasica, el Ensamble de la FOBA forma parte del Concierto de Cierre en el Teatro Municipal de Bah\u00eda Blanca o lugar donde se realice. En dicha presentaci\u00f3n tambi\u00e9n se fusiona con El Ensamble de Cuerdas del Ciclo Superior y Banda para formar la&nbsp;<strong>\u201cOrquesta del Conservatorio\u201d<\/strong>&nbsp;donde abordan tanto obras originales del repertorio Sinf\u00f3nico y arreglos que acompa\u00f1an las Pr\u00e1cticas Corales de la Instituci\u00f3n.<\/p>\n\n\n\n<p><strong>Fernando Duarte:\u00a0<\/strong>profesor de Viol\u00edn, responsable del Ensamble de la FOBA, integrante de la Orquesta Sinf\u00f3nica Provincial de Bah\u00eda Blanca y distintas agrupaciones de c\u00e1mara.<\/p>\n\n\n\n<hr class=\"wp-block-separator has-css-opacity\"\/>\n\n\n\n<h4 class=\"wp-block-heading\"><mark style=\"background-color:rgba(0, 0, 0, 0)\" class=\"has-inline-color has-luminous-vivid-orange-color\">ENSAMBLE DE CUERDAS SUPERIOR<\/mark><\/h4>\n\n\n\n<p class=\"has-medium-font-size\"><strong>A cargo del prof. Pedro Zanek<\/strong><\/p>\n\n\n\n<pre class=\"wp-block-preformatted\"><strong>Horario<\/strong>: Mi\u00e9rcoles de 20 a 22 horas - <strong>Lugar<\/strong>:<strong> <\/strong>Auditorio de la sede Lamadrid 441<\/pre>\n\n\n\n<pre class=\"wp-block-preformatted\"><strong>Abierto a todos los alumnos del Conservatorio<\/strong> <strong>y de otros \u00e1mbitos<\/strong> que re\u00fanan las\ncondiciones requeridas.<\/pre>\n\n\n\n<figure class=\"wp-block-image size-large\"><img decoding=\"async\" loading=\"lazy\" width=\"1529\" height=\"724\" src=\"https:\/\/cbblanca-bue.infd.edu.ar\/sitio\/wp-content\/uploads\/2022\/05\/WhatsApp-Image-2022-05-05-at-10.53.12-AM.jpeg\" alt=\"\" class=\"wp-image-2848\" srcset=\"https:\/\/cbblanca-bue.infd.edu.ar\/sitio\/wp-content\/uploads\/2022\/05\/WhatsApp-Image-2022-05-05-at-10.53.12-AM.jpeg 1529w, https:\/\/cbblanca-bue.infd.edu.ar\/sitio\/wp-content\/uploads\/2022\/05\/WhatsApp-Image-2022-05-05-at-10.53.12-AM-1000x474.jpeg 1000w, https:\/\/cbblanca-bue.infd.edu.ar\/sitio\/wp-content\/uploads\/2022\/05\/WhatsApp-Image-2022-05-05-at-10.53.12-AM-768x364.jpeg 768w\" sizes=\"(max-width: 1529px) 100vw, 1529px\" \/><\/figure>\n\n\n\n<p>El Ensamble de Cuerdas del Ciclo Superior es una orquesta de instrumentos de cuerdas del Conservatorio de M\u00fasica de Bah\u00eda Blanca. Fue creado en el a\u00f1o 2007 y est\u00e1 integrado por los alumnos m\u00e1s avanzados de Viol\u00edn, Viola, Violoncello y Contrabajo, y Bandone\u00f3n, y acostumbra convocar a m\u00fasicos invitados para sus conciertos.<br>Fusionados con la Banda del Conser, constituyen la \u201cOrquesta del Conservatorio\u201d, realizando regularmente proyectos de car\u00e1cter sinf\u00f3nico. En su repertorio incluye m\u00fasica de variados g\u00e9neros, tales como m\u00fasica cl\u00e1sica y popular, bandas sonoras de pel\u00edculas, y m\u00fasica argentina, entre otros.<br>Cuenta con la direcci\u00f3n del Profesor Pedro Zanek y con la colaboraci\u00f3n de los Profesores Fernando Duarte, Andrea Zanzeri y Carlos Romano.<br>Junto con el Ensamble Inicial y el Ensamble de la Formaci\u00f3n B\u00e1sica forma parte del proyecto \u201cEnsambles de Cuerdas del Conservatorio de Bah\u00eda Blanca\u201d, constituyendo el tercer y m\u00e1s elevado nivel de dicho proyecto.<br>Se pueden ver fotos y videos de los conciertos en sus p\u00e1ginas de Facebook y de YouTube, busc\u00e1ndolo como \u201cEnsamble de Cuerdas del Conservatorio de Bah\u00eda Blanca\u201d.<\/p>\n\n\n\n<pre class=\"wp-block-preformatted has-small-font-size\"><strong>REDES SOCIALES<\/strong>\n<a rel=\"noreferrer noopener\" href=\"https:\/\/www.facebook.com\/EnsambleDeCuerdas\" data-type=\"URL\" data-id=\"https:\/\/www.facebook.com\/EnsambleDeCuerdas\" target=\"_blank\">Facebook <\/a>\n<a href=\"https:\/\/www.youtube.com\/user\/EnsambleDeCuerdas\">YouTube<\/a>\n<a href=\"https:\/\/www.instagram.com\/ensamble_cuerdas_conser_bahiab\/\">Instagram<\/a><\/pre>\n\n\n\n<figure class=\"wp-block-embed is-type-video is-provider-youtube wp-block-embed-youtube wp-embed-aspect-16-9 wp-has-aspect-ratio\"><div class=\"wp-block-embed__wrapper\">\n<iframe loading=\"lazy\" title=\"Suite de &quot;Las Cr\u00f3nicas de Narnia: El Le\u00f3n, La Bruja y El Ropero&quot;\" width=\"1200\" height=\"675\" src=\"https:\/\/www.youtube.com\/embed\/yqjXAWL2dzU?feature=oembed\" frameborder=\"0\" allow=\"accelerometer; autoplay; clipboard-write; encrypted-media; gyroscope; picture-in-picture; web-share\" allowfullscreen><\/iframe>\n<\/div><\/figure>\n","protected":false},"excerpt":{"rendered":"<p>ENSAMBLE DE CUERDAS INICIAL A cargo de la prof. Gabriela Iglesias Horario: lunes de 19 a 21 horas &#8211; Lugar: aula 11B, Lamadrid 441 Destinado a los alumnos de&nbsp;viol\u00edn, viola, violoncello y contrabajo&nbsp;de los niveles FOBA adultos 1,&nbsp;Taller de Iniciaci\u00f3n Instrumental 2 y 3, y Ciclo Medio 1. Los Talleres de iniciaci\u00f3n instrumental 1 pueden &#8230; <a title=\"Ensambles de cuerdas\" class=\"read-more\" href=\"https:\/\/cbblanca-bue.infd.edu.ar\/sitio\/ensambles-de-cuerdas\/\" aria-label=\"More on Ensambles de cuerdas\">[+]<\/a><\/p>\n","protected":false},"author":5656,"featured_media":0,"parent":0,"menu_order":0,"comment_status":"closed","ping_status":"closed","template":"","meta":[],"acf":[],"_links":{"self":[{"href":"https:\/\/cbblanca-bue.infd.edu.ar\/sitio\/wp-json\/wp\/v2\/pages\/2624"}],"collection":[{"href":"https:\/\/cbblanca-bue.infd.edu.ar\/sitio\/wp-json\/wp\/v2\/pages"}],"about":[{"href":"https:\/\/cbblanca-bue.infd.edu.ar\/sitio\/wp-json\/wp\/v2\/types\/page"}],"author":[{"embeddable":true,"href":"https:\/\/cbblanca-bue.infd.edu.ar\/sitio\/wp-json\/wp\/v2\/users\/5656"}],"replies":[{"embeddable":true,"href":"https:\/\/cbblanca-bue.infd.edu.ar\/sitio\/wp-json\/wp\/v2\/comments?post=2624"}],"version-history":[{"count":6,"href":"https:\/\/cbblanca-bue.infd.edu.ar\/sitio\/wp-json\/wp\/v2\/pages\/2624\/revisions"}],"predecessor-version":[{"id":3485,"href":"https:\/\/cbblanca-bue.infd.edu.ar\/sitio\/wp-json\/wp\/v2\/pages\/2624\/revisions\/3485"}],"wp:attachment":[{"href":"https:\/\/cbblanca-bue.infd.edu.ar\/sitio\/wp-json\/wp\/v2\/media?parent=2624"}],"curies":[{"name":"wp","href":"https:\/\/api.w.org\/{rel}","templated":true}]}}