{"id":2573,"date":"2022-02-25T15:54:33","date_gmt":"2022-02-25T18:54:33","guid":{"rendered":"https:\/\/cbblanca-bue.infd.edu.ar\/sitio\/?page_id=2573"},"modified":"2026-04-22T16:06:32","modified_gmt":"2026-04-22T19:06:32","slug":"egresados-as","status":"publish","type":"page","link":"https:\/\/cbblanca-bue.infd.edu.ar\/sitio\/egresados-as\/","title":{"rendered":"Egresados\/as"},"content":{"rendered":"\n<pre class=\"wp-block-preformatted\"><strong>Una vez rendida la \u00faltima materia de las carreras<\/strong>, tanto de formaci\u00f3n t\u00e9cnico-profesional como de formaci\u00f3n docente, se debe tomar contacto v\u00eda mail a <a href=\"mailto:proconser001@gmail.com\">proconser001@gmail.com<\/a><\/pre>\n\n\n\n<p class=\"has-medium-font-size\">La <span class=\"has-inline-color has-vivid-red-color\"><strong>documentaci\u00f3n requerida<\/strong><\/span> para iniciar la tramitaci\u00f3n del t\u00edtulo es la siguiente:<\/p>\n\n\n\n<ul class=\"has-medium-font-size\">\n<li>DNI (fotocopia ambas caras)<\/li>\n\n\n\n<li>Certificado de nacimiento<\/li>\n\n\n\n<li>Certificado anal\u00edtico del secundario<\/li>\n\n\n\n<li>Nota dirigida a la directora indicando qu\u00e9 t\u00edtulo se solicita (la misma debe estar firmada). <\/li>\n<\/ul>\n\n\n\n<h5 class=\"wp-block-heading\"><strong>Esta documentaci\u00f3n debe ser entregada en formato papel, en oficina de Secretar\u00eda, en horarios de Prosecretar\u00eda.<\/strong> <strong>Ver horarios en&nbsp;<\/strong><a rel=\"noreferrer noopener\" href=\"https:\/\/cbblanca-bue.infd.edu.ar\/sitio\/horarios-y-mail-del-equipo\/\" target=\"_blank\">https:\/\/cbblanca-bue.infd.edu.ar\/sitio\/horarios-y-mail-del-equipo\/&nbsp;<\/a><\/h5>\n\n\n\n<div class=\"wp-block-file\"><object class=\"wp-block-file__embed\" data=\"https:\/\/cbblanca-bue.infd.edu.ar\/sitio\/wp-content\/uploads\/2026\/02\/Solicitud-de-confeccion-de-titulo-y-constancia-de-titulo-en-tramite-CMBB-1.pdf\" type=\"application\/pdf\" style=\"width:100%;height:600px\" aria-label=\"Incrustado de Solicitud-de-confeccion-de-titulo-y-constancia-de-titulo-en-tramite-CMBB-1.\"><\/object><a id=\"wp-block-file--media-5dd32fa8-32f0-4281-8444-3e2caf7c19ab\" href=\"https:\/\/cbblanca-bue.infd.edu.ar\/sitio\/wp-content\/uploads\/2026\/02\/Solicitud-de-confeccion-de-titulo-y-constancia-de-titulo-en-tramite-CMBB-1.pdf\">Solicitud-de-confeccion-de-titulo-y-constancia-de-titulo-en-tramite-CMBB-1<\/a><a href=\"https:\/\/cbblanca-bue.infd.edu.ar\/sitio\/wp-content\/uploads\/2026\/02\/Solicitud-de-confeccion-de-titulo-y-constancia-de-titulo-en-tramite-CMBB-1.pdf\" class=\"wp-block-file__button wp-element-button\" download aria-describedby=\"wp-block-file--media-5dd32fa8-32f0-4281-8444-3e2caf7c19ab\">Descarga<\/a><\/div>\n\n\n\n<div class=\"wp-block-group is-layout-flow\"><div class=\"wp-block-group__inner-container\">\n<hr class=\"wp-block-separator has-alpha-channel-opacity\"\/>\n\n\n\n<h5 class=\"wp-block-heading\"><mark style=\"background-color:rgba(0, 0, 0, 0)\" class=\"has-inline-color has-vivid-green-cyan-color\">Consideraciones generales<\/mark><\/h5>\n\n\n\n<div class=\"wp-block-columns is-layout-flex wp-container-2\">\n<div class=\"wp-block-column is-layout-flow\" style=\"flex-basis:100%\">\n<blockquote class=\"wp-block-quote is-style-default\">\n<p>Tener en cuenta que los certificados de Tecnicatura (dos a\u00f1os) no habilitan para el ejercicio de la docencia.<\/p>\n\n\n\n<p>Los certificados de carreras deben ser retirados personalmente o en su defect o por un tercero con DNI y una nota firmada de pu\u00f1o y letra en la que conste que la persona egresada autoriza ese acto.<\/p>\n\n\n\n<p>Una vez que el certificado es entregado, este debe ser legalizado en el Consejo Escolar de su distrito para la inscripci\u00f3n en el ingreso a la docencia.<\/p>\n\n\n\n<p>El tiempo estimado del tr\u00e1mite es, aproximadamente, de tres meses en total.<\/p>\n<\/blockquote>\n<\/div>\n<\/div>\n<\/div><\/div>\n","protected":false},"excerpt":{"rendered":"<p>Una vez rendida la \u00faltima materia de las carreras, tanto de formaci\u00f3n t\u00e9cnico-profesional como de formaci\u00f3n docente, se debe tomar contacto v\u00eda mail a proconser001@gmail.com La documentaci\u00f3n requerida para iniciar la tramitaci\u00f3n del t\u00edtulo es la siguiente: Esta documentaci\u00f3n debe ser entregada en formato papel, en oficina de Secretar\u00eda, en horarios de Prosecretar\u00eda. Ver horarios &#8230; <a title=\"Egresados\/as\" class=\"read-more\" href=\"https:\/\/cbblanca-bue.infd.edu.ar\/sitio\/egresados-as\/\" aria-label=\"More on Egresados\/as\">[+]<\/a><\/p>\n","protected":false},"author":5656,"featured_media":0,"parent":0,"menu_order":0,"comment_status":"closed","ping_status":"closed","template":"","meta":[],"acf":[],"_links":{"self":[{"href":"https:\/\/cbblanca-bue.infd.edu.ar\/sitio\/wp-json\/wp\/v2\/pages\/2573"}],"collection":[{"href":"https:\/\/cbblanca-bue.infd.edu.ar\/sitio\/wp-json\/wp\/v2\/pages"}],"about":[{"href":"https:\/\/cbblanca-bue.infd.edu.ar\/sitio\/wp-json\/wp\/v2\/types\/page"}],"author":[{"embeddable":true,"href":"https:\/\/cbblanca-bue.infd.edu.ar\/sitio\/wp-json\/wp\/v2\/users\/5656"}],"replies":[{"embeddable":true,"href":"https:\/\/cbblanca-bue.infd.edu.ar\/sitio\/wp-json\/wp\/v2\/comments?post=2573"}],"version-history":[{"count":9,"href":"https:\/\/cbblanca-bue.infd.edu.ar\/sitio\/wp-json\/wp\/v2\/pages\/2573\/revisions"}],"predecessor-version":[{"id":4742,"href":"https:\/\/cbblanca-bue.infd.edu.ar\/sitio\/wp-json\/wp\/v2\/pages\/2573\/revisions\/4742"}],"wp:attachment":[{"href":"https:\/\/cbblanca-bue.infd.edu.ar\/sitio\/wp-json\/wp\/v2\/media?parent=2573"}],"curies":[{"name":"wp","href":"https:\/\/api.w.org\/{rel}","templated":true}]}}